216.73.163.153 - - [16/Jul/2026:18:39:30 +0000] "POST /wp-login.php HTTP/1.1" 200 1907 "-" "Dalvik/2.1.0 (Linux; U; Android 10; ASUS_X00QD Build/QQ3A.200805.001)"
216.73.163.32 - - [16/Jul/2026:18:40:58 +0000] "POST /wp-login.php HTTP/1.1" 200 2157 "-" "firefox|Mozilla/5.0 (Linux; Linux i573 x86_64) Gecko/20100101 Firefox/56.6"
45.146.54.90 - - [16/Jul/2026:18:45:24 +0000] "POST /wp-login.php HTTP/1.1" 200 1909 "-" "firefox|Mozilla/5.0 (Macintosh; Intel Mac OS X 10_7_2; en-US) Gecko/20130401 Firefox/74.6"
2.57.122.202 - - [16/Jul/2026:19:03:26 +0000] "GET /control_nonexistent_20446 HTTP/1.1" 404 5725 "-" "Mozilla/5.0 (Windows NT 10.0; Win64; x64) AppleWebKit/537.36 (KHTML, like Gecko) Chrome/131.0.0.0 Safari/537.36"
2.57.122.202 - - [16/Jul/2026:19:03:27 +0000] "GET /.env HTTP/1.1" 404 5724 "-" "Mozilla/5.0 (Windows NT 10.0; Win64; x64) AppleWebKit/537.36 (KHTML, like Gecko) Chrome/131.0.0.0 Safari/537.36"
2.57.122.202 - - [16/Jul/2026:19:03:27 +0000] "GET /.env.production HTTP/1.1" 404 5725 "-" "Mozilla/5.0 (Windows NT 10.0; Win64; x64) AppleWebKit/537.36 (KHTML, like Gecko) Chrome/131.0.0.0 Safari/537.36"
2.57.122.202 - - [16/Jul/2026:19:03:27 +0000] "GET /.env.local HTTP/1.1" 404 5725 "-" "Mozilla/5.0 (Windows NT 10.0; Win64; x64) AppleWebKit/537.36 (KHTML, like Gecko) Chrome/131.0.0.0 Safari/537.36"
2.57.122.202 - - [16/Jul/2026:19:03:27 +0000] "GET /.env.backup HTTP/1.1" 404 5724 "-" "Mozilla/5.0 (Windows NT 10.0; Win64; x64) AppleWebKit/537.36 (KHTML, like Gecko) Chrome/131.0.0.0 Safari/537.36"
2.57.122.202 - - [16/Jul/2026:19:03:27 +0000] "GET /.env.staging HTTP/1.1" 404 5725 "-" "Mozilla/5.0 (Windows NT 10.0; Win64; x64) AppleWebKit/537.36 (KHTML, like Gecko) Chrome/131.0.0.0 Safari/537.36"
2.57.122.202 - - [16/Jul/2026:19:03:27 +0000] "GET /.env.dev HTTP/1.1" 404 5725 "-" "Mozilla/5.0 (Windows NT 10.0; Win64; x64) AppleWebKit/537.36 (KHTML, like Gecko) Chrome/131.0.0.0 Safari/537.36"
2.57.122.202 - - [16/Jul/2026:19:03:27 +0000] "GET /.env.development HTTP/1.1" 404 5725 "-" "Mozilla/5.0 (Windows NT 10.0; Win64; x64) AppleWebKit/537.36 (KHTML, like Gecko) Chrome/131.0.0.0 Safari/537.36"
2.57.122.202 - - [16/Jul/2026:19:03:27 +0000] "GET /.env.example HTTP/1.1" 404 5725 "-" "Mozilla/5.0 (Windows NT 10.0; Win64; x64) AppleWebKit/537.36 (KHTML, like Gecko) Chrome/131.0.0.0 Safari/537.36"
2.57.122.202 - - [16/Jul/2026:19:03:28 +0000] "GET /config/.env HTTP/1.1" 404 5725 "-" "Mozilla/5.0 (Windows NT 10.0; Win64; x64) AppleWebKit/537.36 (KHTML, like Gecko) Chrome/131.0.0.0 Safari/537.36"
2.57.122.202 - - [16/Jul/2026:19:03:28 +0000] "GET /app/.env HTTP/1.1" 404 5725 "-" "Mozilla/5.0 (Windows NT 10.0; Win64; x64) AppleWebKit/537.36 (KHTML, like Gecko) Chrome/131.0.0.0 Safari/537.36"
2.57.122.202 - - [16/Jul/2026:19:03:28 +0000] "GET /api/.env HTTP/1.1" 404 556 "-" "Mozilla/5.0 (Windows NT 10.0; Win64; x64) AppleWebKit/537.36 (KHTML, like Gecko) Chrome/131.0.0.0 Safari/537.36"
2.57.122.202 - - [16/Jul/2026:19:03:28 +0000] "GET /backend/.env HTTP/1.1" 404 5725 "-" "Mozilla/5.0 (Windows NT 10.0; Win64; x64) AppleWebKit/537.36 (KHTML, like Gecko) Chrome/131.0.0.0 Safari/537.36"
2.57.122.202 - - [16/Jul/2026:19:03:28 +0000] "GET /src/.env HTTP/1.1" 404 5725 "-" "Mozilla/5.0 (Windows NT 10.0; Win64; x64) AppleWebKit/537.36 (KHTML, like Gecko) Chrome/131.0.0.0 Safari/537.36"
2.57.122.202 - - [16/Jul/2026:19:03:28 +0000] "GET /shared/.env HTTP/1.1" 404 5725 "-" "Mozilla/5.0 (Windows NT 10.0; Win64; x64) AppleWebKit/537.36 (KHTML, like Gecko) Chrome/131.0.0.0 Safari/537.36"
2.57.122.202 - - [16/Jul/2026:19:03:28 +0000] "GET /.env.bak HTTP/1.1" 404 5725 "-" "Mozilla/5.0 (Windows NT 10.0; Win64; x64) AppleWebKit/537.36 (KHTML, like Gecko) Chrome/131.0.0.0 Safari/537.36"
2.57.122.202 - - [16/Jul/2026:19:03:29 +0000] "GET /.env.old HTTP/1.1" 404 5725 "-" "Mozilla/5.0 (Windows NT 10.0; Win64; x64) AppleWebKit/537.36 (KHTML, like Gecko) Chrome/131.0.0.0 Safari/537.36"
2.57.122.202 - - [16/Jul/2026:19:03:29 +0000] "GET /.env.save HTTP/1.1" 404 5725 "-" "Mozilla/5.0 (Windows NT 10.0; Win64; x64) AppleWebKit/537.36 (KHTML, like Gecko) Chrome/131.0.0.0 Safari/537.36"
2.57.122.202 - - [16/Jul/2026:19:03:29 +0000] "GET /web/.env HTTP/1.1" 404 5725 "-" "Mozilla/5.0 (Windows NT 10.0; Win64; x64) AppleWebKit/537.36 (KHTML, like Gecko) Chrome/131.0.0.0 Safari/537.36"
2.57.122.202 - - [16/Jul/2026:19:03:29 +0000] "GET /public/.env HTTP/1.1" 404 5725 "-" "Mozilla/5.0 (Windows NT 10.0; Win64; x64) AppleWebKit/537.36 (KHTML, like Gecko) Chrome/131.0.0.0 Safari/537.36"
2.57.122.202 - - [16/Jul/2026:19:03:29 +0000] "GET /laravel/.env HTTP/1.1" 404 5724 "-" "Mozilla/5.0 (Windows NT 10.0; Win64; x64) AppleWebKit/537.36 (KHTML, like Gecko) Chrome/131.0.0.0 Safari/537.36"
2.57.122.202 - - [16/Jul/2026:19:03:29 +0000] "GET /site/.env HTTP/1.1" 404 5725 "-" "Mozilla/5.0 (Windows NT 10.0; Win64; x64) AppleWebKit/537.36 (KHTML, like Gecko) Chrome/131.0.0.0 Safari/537.36"
2.57.122.202 - - [16/Jul/2026:19:03:29 +0000] "GET /application/.env HTTP/1.1" 404 5725 "-" "Mozilla/5.0 (Windows NT 10.0; Win64; x64) AppleWebKit/537.36 (KHTML, like Gecko) Chrome/131.0.0.0 Safari/537.36"
2.57.122.202 - - [16/Jul/2026:19:03:29 +0000] "GET /.env.prod HTTP/1.1" 404 5724 "-" "Mozilla/5.0 (Windows NT 10.0; Win64; x64) AppleWebKit/537.36 (KHTML, like Gecko) Chrome/131.0.0.0 Safari/537.36"
2.57.122.202 - - [16/Jul/2026:19:03:29 +0000] "GET /.env.live HTTP/1.1" 404 5725 "-" "Mozilla/5.0 (Windows NT 10.0; Win64; x64) AppleWebKit/537.36 (KHTML, like Gecko) Chrome/131.0.0.0 Safari/537.36"
2.57.122.202 - - [16/Jul/2026:19:03:29 +0000] "GET /.env.production.local HTTP/1.1" 404 5725 "-" "Mozilla/5.0 (Windows NT 10.0; Win64; x64) AppleWebKit/537.36 (KHTML, like Gecko) Chrome/131.0.0.0 Safari/537.36"
2.57.122.202 - - [16/Jul/2026:19:03:29 +0000] "GET /env HTTP/1.1" 404 5725 "-" "Mozilla/5.0 (Windows NT 10.0; Win64; x64) AppleWebKit/537.36 (KHTML, like Gecko) Chrome/131.0.0.0 Safari/537.36"
2.57.122.202 - - [16/Jul/2026:19:03:30 +0000] "GET /info.php HTTP/1.1" 404 5725 "-" "Mozilla/5.0 (Windows NT 10.0; Win64; x64) AppleWebKit/537.36 (KHTML, like Gecko) Chrome/131.0.0.0 Safari/537.36"
2.57.122.202 - - [16/Jul/2026:19:03:30 +0000] "GET /phpinfo.php HTTP/1.1" 404 5725 "-" "Mozilla/5.0 (Windows NT 10.0; Win64; x64) AppleWebKit/537.36 (KHTML, like Gecko) Chrome/131.0.0.0 Safari/537.36"
192.250.239.59 - - [16/Jul/2026:19:12:10 +0000] "POST /wp-cron.php?doing_wp_cron=1784229130.3386759757995605468750 HTTP/1.1" 200 0 "-" "WordPress/6.9; https://customassignment.us"
139.59.136.184 - - [16/Jul/2026:19:12:09 +0000] "GET / HTTP/1.1" 301 0 "-" "Mozilla/5.0 (l9scan/2.0.335323e2333313e27363e2237313; +https://leakix.net)"
139.59.136.184 - - [16/Jul/2026:19:12:11 +0000] "GET /console/ HTTP/1.1" 301 0 "-" "Mozilla/5.0 (l9scan/2.0.335323e2333313e27363e2237313; +https://leakix.net)"
207.154.197.113 - - [16/Jul/2026:19:12:11 +0000] "GET / HTTP/1.1" 200 12221 "-" "Mozilla/5.0 (l9scan/2.0.030313e25323e21323e2430313; +https://leakix.net)"
192.250.239.59 - - [16/Jul/2026:19:12:11 +0000] "POST /wp-cron.php HTTP/1.1" 200 0 "-" "WordPress/6.9; https://customassignment.us"
192.250.239.59 - - [16/Jul/2026:19:12:11 +0000] "GET / HTTP/1.1" 200 12216 "-" "WordPress/6.9; https://customassignment.us"
192.250.239.59 - - [16/Jul/2026:19:12:11 +0000] "GET / HTTP/1.1" 200 12216 "-" "WordPress/6.9; https://customassignment.us"
192.250.239.59 - - [16/Jul/2026:19:12:11 +0000] "GET / HTTP/1.1" 200 12216 "-" "WordPress/6.9; https://customassignment.us"
192.250.239.59 - - [16/Jul/2026:19:12:12 +0000] "GET / HTTP/1.1" 200 12216 "-" "WordPress/6.9; https://customassignment.us"
192.250.239.59 - - [16/Jul/2026:19:12:12 +0000] "POST /wp-cron.php?doing_wp_cron=1784229132.5598750114440917968750 HTTP/1.1" 200 0 "-" "WordPress/6.9; https://customassignment.us"
139.59.136.184 - - [16/Jul/2026:19:12:12 +0000] "GET /server HTTP/1.1" 301 0 "-" "Mozilla/5.0 (l9scan/2.0.335323e2333313e27363e2237313; +https://leakix.net)"
139.59.136.184 - - [16/Jul/2026:19:12:13 +0000] "GET /server-status HTTP/1.1" 301 0 "-" "Mozilla/5.0 (l9scan/2.0.335323e2333313e27363e2237313; +https://leakix.net)"
207.154.197.113 - - [16/Jul/2026:19:12:14 +0000] "GET /console/ HTTP/1.1" 404 5741 "-" "Mozilla/5.0 (l9scan/2.0.030313e25323e21323e2430313; +https://leakix.net)"
207.154.197.113 - - [16/Jul/2026:19:12:15 +0000] "GET /server HTTP/1.1" 404 5741 "-" "Mozilla/5.0 (l9scan/2.0.030313e25323e21323e2430313; +https://leakix.net)"
139.59.136.184 - - [16/Jul/2026:19:12:16 +0000] "GET /about HTTP/1.1" 301 0 "-" "Mozilla/5.0 (l9scan/2.0.335323e2333313e27363e2237313; +https://leakix.net)"
207.154.197.113 - - [16/Jul/2026:19:12:16 +0000] "GET /server-status HTTP/1.1" 404 5739 "-" "Mozilla/5.0 (l9scan/2.0.030313e25323e21323e2430313; +https://leakix.net)"
139.59.136.184 - - [16/Jul/2026:19:12:17 +0000] "GET /login.action HTTP/1.1" 301 0 "-" "Mozilla/5.0 (l9scan/2.0.335323e2333313e27363e2237313; +https://leakix.net)"
207.154.197.113 - - [16/Jul/2026:19:12:17 +0000] "GET /about HTTP/1.1" 404 5741 "-" "Mozilla/5.0 (l9scan/2.0.030313e25323e21323e2430313; +https://leakix.net)"
139.59.136.184 - - [16/Jul/2026:19:12:18 +0000] "GET / HTTP/1.1" 301 0 "-" "Mozilla/5.0 (l9scan/2.0.335323e2333313e27363e2237313; +https://leakix.net)"
139.59.136.184 - - [16/Jul/2026:19:12:19 +0000] "GET /___proxy_subdomain_whm/login HTTP/1.1" 301 0 "-" "Mozilla/5.0 (l9scan/2.0.335323e2333313e27363e2237313; +https://leakix.net)"
207.154.197.113 - - [16/Jul/2026:19:12:19 +0000] "GET /login.action HTTP/1.1" 404 5741 "-" "Mozilla/5.0 (l9scan/2.0.030313e25323e21323e2430313; +https://leakix.net)"
139.59.136.184 - - [16/Jul/2026:19:12:20 +0000] "GET /___proxy_subdomain_cpanel HTTP/1.1" 301 0 "-" "Mozilla/5.0 (l9scan/2.0.335323e2333313e27363e2237313; +https://leakix.net)"
207.154.197.113 - - [16/Jul/2026:19:12:21 +0000] "GET / HTTP/1.1" 200 12221 "-" "Mozilla/5.0 (l9scan/2.0.030313e25323e21323e2430313; +https://leakix.net)"
139.59.136.184 - - [16/Jul/2026:19:12:21 +0000] "GET /v2/_catalog HTTP/1.1" 301 0 "-" "Mozilla/5.0 (l9scan/2.0.335323e2333313e27363e2237313; +https://leakix.net)"
139.59.136.184 - - [16/Jul/2026:19:12:22 +0000] "GET /.DS_Store HTTP/1.1" 301 0 "-" "Mozilla/5.0 (l9scan/2.0.335323e2333313e27363e2237313; +https://leakix.net)"
207.154.197.113 - - [16/Jul/2026:19:12:22 +0000] "GET /___proxy_subdomain_whm/login HTTP/1.1" 404 5741 "-" "Mozilla/5.0 (l9scan/2.0.030313e25323e21323e2430313; +https://leakix.net)"
139.59.136.184 - - [16/Jul/2026:19:12:23 +0000] "GET /.env HTTP/1.1" 301 0 "-" "Mozilla/5.0 (l9scan/2.0.335323e2333313e27363e2237313; +https://leakix.net)"
207.154.197.113 - - [16/Jul/2026:19:12:23 +0000] "GET /___proxy_subdomain_cpanel HTTP/1.1" 404 5741 "-" "Mozilla/5.0 (l9scan/2.0.030313e25323e21323e2430313; +https://leakix.net)"
139.59.136.184 - - [16/Jul/2026:19:12:25 +0000] "GET /ecp/Current/exporttool/microsoft.exchange.ediscovery.exporttool.application HTTP/1.1" 301 0 "-" "Mozilla/5.0 (l9scan/2.0.335323e2333313e27363e2237313; +https://leakix.net)"
207.154.197.113 - - [16/Jul/2026:19:12:25 +0000] "GET /v2/_catalog HTTP/1.1" 404 5741 "-" "Mozilla/5.0 (l9scan/2.0.030313e25323e21323e2430313; +https://leakix.net)"
207.154.197.113 - - [16/Jul/2026:19:12:26 +0000] "GET /.DS_Store HTTP/1.1" 404 5741 "-" "Mozilla/5.0 (l9scan/2.0.030313e25323e21323e2430313; +https://leakix.net)"
139.59.136.184 - - [16/Jul/2026:19:12:27 +0000] "GET /.git/config HTTP/1.1" 403 1242 "-" "Mozilla/5.0 (l9scan/2.0.335323e2333313e27363e2237313; +https://leakix.net)"
207.154.197.113 - - [16/Jul/2026:19:12:27 +0000] "GET /.env HTTP/1.1" 404 5741 "-" "Mozilla/5.0 (l9scan/2.0.030313e25323e21323e2430313; +https://leakix.net)"
139.59.136.184 - - [16/Jul/2026:19:12:29 +0000] "POST /graphql HTTP/1.1" 404 5741 "-" "Mozilla/5.0 (l9scan/2.0.335323e2333313e27363e2237313; +https://leakix.net)"
207.154.197.113 - - [16/Jul/2026:19:12:29 +0000] "GET /ecp/Current/exporttool/microsoft.exchange.ediscovery.exporttool.application HTTP/1.1" 404 5741 "-" "Mozilla/5.0 (l9scan/2.0.030313e25323e21323e2430313; +https://leakix.net)"
139.59.136.184 - - [16/Jul/2026:19:12:30 +0000] "POST /api HTTP/1.1" 301 795 "-" "Mozilla/5.0 (l9scan/2.0.335323e2333313e27363e2237313; +https://leakix.net)"
139.59.136.184 - - [16/Jul/2026:19:12:31 +0000] "POST /api/graphql HTTP/1.1" 404 556 "-" "Mozilla/5.0 (l9scan/2.0.335323e2333313e27363e2237313; +https://leakix.net)"
207.154.197.113 - - [16/Jul/2026:19:12:31 +0000] "GET /.git/config HTTP/1.1" 403 1242 "-" "Mozilla/5.0 (l9scan/2.0.030313e25323e21323e2430313; +https://leakix.net)"
139.59.136.184 - - [16/Jul/2026:19:12:32 +0000] "POST /graphql/api HTTP/1.1" 404 5741 "-" "Mozilla/5.0 (l9scan/2.0.335323e2333313e27363e2237313; +https://leakix.net)"
207.154.197.113 - - [16/Jul/2026:19:12:32 +0000] "POST /graphql HTTP/1.1" 404 5739 "-" "Mozilla/5.0 (l9scan/2.0.030313e25323e21323e2430313; +https://leakix.net)"
139.59.136.184 - - [16/Jul/2026:19:12:33 +0000] "POST /api/gql HTTP/1.1" 404 556 "-" "Mozilla/5.0 (l9scan/2.0.335323e2333313e27363e2237313; +https://leakix.net)"
207.154.197.113 - - [16/Jul/2026:19:12:33 +0000] "POST /api HTTP/1.1" 301 795 "-" "Mozilla/5.0 (l9scan/2.0.030313e25323e21323e2430313; +https://leakix.net)"
139.59.136.184 - - [16/Jul/2026:19:12:34 +0000] "GET /s/335323e2333313e27363e2237313/_/;/META-INF/maven/com.atlassian.jira/jira-webapp-dist/pom.properties HTTP/1.1" 301 0 "-" "Mozilla/5.0 (l9scan/2.0.335323e2333313e27363e2237313; +https://leakix.net)"
207.154.197.113 - - [16/Jul/2026:19:12:35 +0000] "POST /api/graphql HTTP/1.1" 404 556 "-" "Mozilla/5.0 (l9scan/2.0.030313e25323e21323e2430313; +https://leakix.net)"
139.59.136.184 - - [16/Jul/2026:19:12:36 +0000] "GET /config.json HTTP/1.1" 301 0 "-" "Mozilla/5.0 (l9scan/2.0.335323e2333313e27363e2237313; +https://leakix.net)"
207.154.197.113 - - [16/Jul/2026:19:12:36 +0000] "POST /graphql/api HTTP/1.1" 404 5741 "-" "Mozilla/5.0 (l9scan/2.0.030313e25323e21323e2430313; +https://leakix.net)"
207.154.197.113 - - [16/Jul/2026:19:12:37 +0000] "POST /api/gql HTTP/1.1" 404 556 "-" "Mozilla/5.0 (l9scan/2.0.030313e25323e21323e2430313; +https://leakix.net)"
139.59.136.184 - - [16/Jul/2026:19:12:38 +0000] "GET /telescope/requests HTTP/1.1" 301 0 "-" "Mozilla/5.0 (l9scan/2.0.335323e2333313e27363e2237313; +https://leakix.net)"
207.154.197.113 - - [16/Jul/2026:19:12:38 +0000] "GET /s/030313e25323e21323e2430313/_/;/META-INF/maven/com.atlassian.jira/jira-webapp-dist/pom.properties HTTP/1.1" 404 5741 "-" "Mozilla/5.0 (l9scan/2.0.030313e25323e21323e2430313; +https://leakix.net)"
207.154.197.113 - - [16/Jul/2026:19:12:39 +0000] "GET /config.json HTTP/1.1" 404 5739 "-" "Mozilla/5.0 (l9scan/2.0.030313e25323e21323e2430313; +https://leakix.net)"
139.59.136.184 - - [16/Jul/2026:19:12:39 +0000] "GET /info.php HTTP/1.1" 301 0 "-" "Mozilla/5.0 (l9scan/2.0.335323e2333313e27363e2237313; +https://leakix.net)"
139.59.136.184 - - [16/Jul/2026:19:12:40 +0000] "GET /.well-known/security.txt HTTP/1.1" 301 0 "-" "Mozilla/5.0 (l9scan/2.0.335323e2333313e27363e2237313; +https://leakix.net)"
139.59.136.184 - - [16/Jul/2026:19:12:41 +0000] "GET /actuator/env HTTP/1.1" 301 0 "-" "Mozilla/5.0 (l9scan/2.0.335323e2333313e27363e2237313; +https://leakix.net)"
207.154.197.113 - - [16/Jul/2026:19:12:41 +0000] "GET /telescope/requests HTTP/1.1" 404 5741 "-" "Mozilla/5.0 (l9scan/2.0.030313e25323e21323e2430313; +https://leakix.net)"
139.59.136.184 - - [16/Jul/2026:19:12:42 +0000] "GET /trace.axd HTTP/1.1" 301 0 "-" "Mozilla/5.0 (l9scan/2.0.335323e2333313e27363e2237313; +https://leakix.net)"
207.154.197.113 - - [16/Jul/2026:19:12:43 +0000] "GET /info.php HTTP/1.1" 404 5741 "-" "Mozilla/5.0 (l9scan/2.0.030313e25323e21323e2430313; +https://leakix.net)"
139.59.136.184 - - [16/Jul/2026:19:12:43 +0000] "GET /@vite/env HTTP/1.1" 301 0 "-" "Mozilla/5.0 (l9scan/2.0.335323e2333313e27363e2237313; +https://leakix.net)"
207.154.197.113 - - [16/Jul/2026:19:12:44 +0000] "GET /.well-known/security.txt HTTP/1.1" 404 5739 "-" "Mozilla/5.0 (l9scan/2.0.030313e25323e21323e2430313; +https://leakix.net)"
139.59.136.184 - - [16/Jul/2026:19:12:44 +0000] "GET /.vscode/sftp.json HTTP/1.1" 301 0 "-" "Mozilla/5.0 (l9scan/2.0.335323e2333313e27363e2237313; +https://leakix.net)"
207.154.197.113 - - [16/Jul/2026:19:12:45 +0000] "GET /actuator/env HTTP/1.1" 404 5741 "-" "Mozilla/5.0 (l9scan/2.0.030313e25323e21323e2430313; +https://leakix.net)"
139.59.136.184 - - [16/Jul/2026:19:12:45 +0000] "OPTIONS / HTTP/1.1" 200 12220 "-" "Mozilla/5.0 (l9scan/2.0.335323e2333313e27363e2237313; +https://leakix.net)"
207.154.197.113 - - [16/Jul/2026:19:12:46 +0000] "GET /trace.axd HTTP/1.1" 404 5741 "-" "Mozilla/5.0 (l9scan/2.0.030313e25323e21323e2430313; +https://leakix.net)"
139.59.136.184 - - [16/Jul/2026:19:12:47 +0000] "GET /?rest_route=/wp/v2/users/ HTTP/1.1" 200 306 "-" "Mozilla/5.0 (l9scan/2.0.335323e2333313e27363e2237313; +https://leakix.net)"
207.154.197.113 - - [16/Jul/2026:19:12:48 +0000] "GET /@vite/env HTTP/1.1" 404 5741 "-" "Mozilla/5.0 (l9scan/2.0.030313e25323e21323e2430313; +https://leakix.net)"
139.59.136.184 - - [16/Jul/2026:19:12:48 +0000] "GET /debug/default/view?panel=config HTTP/1.1" 301 0 "-" "Mozilla/5.0 (l9scan/2.0.335323e2333313e27363e2237313; +https://leakix.net)"
207.154.197.113 - - [16/Jul/2026:19:12:49 +0000] "GET /.vscode/sftp.json HTTP/1.1" 404 5741 "-" "Mozilla/5.0 (l9scan/2.0.030313e25323e21323e2430313; +https://leakix.net)"
207.154.197.113 - - [16/Jul/2026:19:12:50 +0000] "OPTIONS / HTTP/1.1" 200 12221 "-" "Mozilla/5.0 (l9scan/2.0.030313e25323e21323e2430313; +https://leakix.net)"
207.154.197.113 - - [16/Jul/2026:19:12:52 +0000] "GET /?rest_route=/wp/v2/users/ HTTP/1.1" 200 306 "-" "Mozilla/5.0 (l9scan/2.0.030313e25323e21323e2430313; +https://leakix.net)"
207.154.197.113 - - [16/Jul/2026:19:12:54 +0000] "GET /debug/default/view?panel=config HTTP/1.1" 404 5741 "-" "Mozilla/5.0 (l9scan/2.0.030313e25323e21323e2430313; +https://leakix.net)"
45.131.194.208 - - [16/Jul/2026:19:13:18 +0000] "GET /.env HTTP/1.1" 404 5725 "-" "Mozilla/5.0 (Macintosh; Intel Mac OS X 10.15; rv:77.0) Gecko/20100101 Firefox/77.0"
216.73.163.155 - - [16/Jul/2026:19:15:04 +0000] "POST /wp-login.php HTTP/1.1" 200 1907 "-" "Mozilla/5.0 (X11; U; Linux i686; en-CA; rv:1.8.0.10) Gecko/20070223 Fedora/1.5.0.10-1.fc5 Firefox/1.5.0.10"
205.185.117.197 - - [16/Jul/2026:19:24:26 +0000] "GET /wp-login.php HTTP/1.1" 200 1794 "-" "Mozilla/5.0 (Windows NT 6.3; Win64; x64) AppleWebKit/537.36 (KHTML, like Gecko) Chrome/120.0.0.0 Safari/537.36"
205.185.117.197 - - [16/Jul/2026:19:24:27 +0000] "POST /wp-login.php HTTP/1.1" 200 1919 "-" "Mozilla/5.0 (Windows NT 6.3; Win64; x64) AppleWebKit/537.36 (KHTML, like Gecko) Chrome/120.0.0.0 Safari/537.36"
216.73.163.30 - - [16/Jul/2026:19:27:32 +0000] "POST /wp-login.php HTTP/1.1" 200 2157 "-" "Mozilla/5.0 (Linux; Android 8.1.0; Redmi 5 Plus) AppleWebKit/537.36 (KHTML, like Gecko) Chrome/83.0.4103.96 Mobile Safari/537.36,gzip(gfe),gzip(gfe)"
216.73.163.11 - - [16/Jul/2026:19:32:04 +0000] "POST /wp-login.php HTTP/1.1" 200 1909 "-" "Mozilla/5.0 (X11; U; Linux x86_64; en-GB; rv:1.9.0.8) Gecko/2009032712 Ubuntu/8.10 (intrepid) Firefox/3.0.8"
40.77.167.85 - - [16/Jul/2026:19:33:22 +0000] "GET /robots.txt HTTP/1.1" 200 97 "-" "Mozilla/5.0 AppleWebKit/537.36 (KHTML, like Gecko; compatible; bingbot/2.0; +http://www.bing.com/bingbot.htm) Chrome/116.0.1938.76 Safari/537.36"
52.167.144.206 - - [16/Jul/2026:19:33:23 +0000] "GET /solution-hcm-320-snhu-healthcare-economics-presentation HTTP/1.1" 404 5725 "-" "Mozilla/5.0 AppleWebKit/537.36 (KHTML, like Gecko; compatible; bingbot/2.0; +http://www.bing.com/bingbot.htm) Chrome/116.0.1938.76 Safari/537.36"
216.73.163.122 - - [16/Jul/2026:19:50:52 +0000] "POST /wp-login.php HTTP/1.1" 200 1907 "-" "Mozilla/4.0 (compatible; MSIE 7.0; Windows NT 6.1; Trident/7.0; SLCC2; .NET CLR 2.0.50727; .NET CLR 3.5.30729; .NET CLR 3.0.30729; Media Center PC 6.0; InfoPath.3; .NET4.0C; .NET4.0E; Microsoft Outlook 14.0.7227; ms-office; MSOffice 14)"
216.73.216.82 - - [16/Jul/2026:19:52:38 +0000] "GET /robots.txt HTTP/1.1" 200 97 "-" "Mozilla/5.0 AppleWebKit/537.36 (KHTML, like Gecko; compatible; ClaudeBot/1.0; +claudebot@anthropic.com)"
216.73.216.82 - - [16/Jul/2026:19:52:39 +0000] "GET /wp-sitemap.xml HTTP/1.1" 200 193 "-" "Mozilla/5.0 AppleWebKit/537.36 (KHTML, like Gecko; compatible; ClaudeBot/1.0; +claudebot@anthropic.com)"
152.32.172.199 - - [16/Jul/2026:19:59:30 +0000] "GET / HTTP/1.1" 301 0 "http://www.customassignment.us/" "Mozilla/5.0 (Android 8; Mobile; rv:120.0.0) Gecko/120.0.0 Firefox/120.0.0"
152.32.172.199 - - [16/Jul/2026:19:59:31 +0000] "GET / HTTP/1.1" 200 12216 "http://www.customassignment.us/" "Mozilla/5.0 (Android 8; Mobile; rv:120.0.0) Gecko/120.0.0 Firefox/120.0.0"
152.32.172.199 - - [16/Jul/2026:19:59:32 +0000] "GET / HTTP/1.1" 301 0 "https://www.customassignment.us/" "Mozilla/5.0 (iPhone; CPU iPhone OS 14_7 like Mac OS X) AppleWebKit/605.1.15 (KHTML, like Gecko) CriOS/115.0.5790.82 Mobile/15E148 Safari/604.1"
152.32.172.199 - - [16/Jul/2026:19:59:32 +0000] "GET / HTTP/1.1" 200 12216 "https://www.customassignment.us/" "Mozilla/5.0 (iPhone; CPU iPhone OS 14_7 like Mac OS X) AppleWebKit/605.1.15 (KHTML, like Gecko) CriOS/115.0.5790.82 Mobile/15E148 Safari/604.1"
192.250.239.59 - - [16/Jul/2026:20:14:48 +0000] "POST /wp-cron.php?doing_wp_cron=1784232888.3679749965667724609375 HTTP/1.1" 200 0 "-" "WordPress/6.9; https://customassignment.us"
45.146.54.149 - - [16/Jul/2026:20:14:47 +0000] "POST /wp-login.php HTTP/1.1" 200 2157 "-" "Mozilla/5.0 (Linux; Android 10; SM-G975F) AppleWebKit/537.36 (KHTML, like Gecko) Chrome/87.0.4280.49 Mobile Safari/537.36,gzip(gfe),gzip(gfe) (Chrome Image Compression Service)"
216.73.163.196 - - [16/Jul/2026:20:19:40 +0000] "POST /wp-login.php HTTP/1.1" 200 1909 "-" "explorer|Mozilla/5.0 (compatible; MSIE 10.0; Windows NT 6.3; Win64; x64 Trident/6.0)"
45.146.54.137 - - [16/Jul/2026:20:27:18 +0000] "POST /wp-login.php HTTP/1.1" 200 1907 "-" "Mozilla/5.0 (Linux; Android 10; K) AppleWebKit/537.36 (KHTML, like Gecko) Chrome/123.0.0.0 Mobile Safari/537.36 [ip:93.38.222.247]"
158.51.126.144 - - [16/Jul/2026:20:32:14 +0000] "GET / HTTP/1.1" 301 0 "-" "Mozilla/5.0 (compatible; OAI-SearchBot/1.3; +https://openai.com/searchbot)"
158.51.126.144 - - [16/Jul/2026:20:32:18 +0000] "GET / HTTP/1.1" 200 12216 "https://www.customassignment.us/" "Mozilla/5.0 (compatible; OAI-SearchBot/1.3; +https://openai.com/searchbot)"
158.51.126.144 - - [16/Jul/2026:20:32:18 +0000] "GET /api/env HTTP/1.1" 404 556 "-" "Mozilla/5.0 (compatible; PerplexityBot/1.0; +https://perplexity.ai/perplexitybot)"
158.51.126.144 - - [16/Jul/2026:20:32:18 +0000] "GET /.env.bak HTTP/1.1" 301 0 "-" "Mozilla/5.0 (compatible; DuckDuckBot/1.1; +http://duckduckgo.com/duckduckbot.html)"
158.51.126.144 - - [16/Jul/2026:20:32:18 +0000] "GET /secrets.json HTTP/1.1" 301 0 "-" "Mozilla/5.0 (compatible; OAI-SearchBot/1.3; +https://openai.com/searchbot)"
158.51.126.144 - - [16/Jul/2026:20:32:18 +0000] "GET /.env.production HTTP/1.1" 301 0 "-" "Mozilla/5.0 (compatible; YandexBot/3.0; +http://yandex.com/bots)"
158.51.126.144 - - [16/Jul/2026:20:32:18 +0000] "GET /.env HTTP/1.1" 301 0 "-" "Mozilla/5.0 (compatible; Baiduspider/2.0; +http://www.baidu.com/search/spider.html)"
158.51.126.144 - - [16/Jul/2026:20:32:18 +0000] "GET /appsettings.json HTTP/1.1" 301 0 "-" "Mozilla/5.0 (compatible; bingbot/2.0; +http://www.bing.com/bingbot.htm)"
158.51.126.144 - - [16/Jul/2026:20:32:18 +0000] "GET /.env.development HTTP/1.1" 301 0 "-" "CCBot/2.0 (https://commoncrawl.org/faq/)"
158.51.126.144 - - [16/Jul/2026:20:32:18 +0000] "GET /api/config HTTP/1.1" 404 556 "-" "Mozilla/5.0 (compatible; Amazonbot/0.1; +https://developer.amazon.com/support/amazonbot)"
158.51.126.144 - - [16/Jul/2026:20:32:18 +0000] "GET /config.json HTTP/1.1" 301 0 "-" "Mozilla/5.0 AppleWebKit/537.36 (KHTML, like Gecko; compatible; GPTBot/1.3; +https://openai.com/gptbot)"
158.51.126.144 - - [16/Jul/2026:20:32:18 +0000] "GET /actuator/env HTTP/1.1" 301 0 "-" "Mozilla/5.0 AppleWebKit/537.36 (KHTML, like Gecko; compatible; ChatGPT-User/1.0; +https://openai.com/bot)"
158.51.126.144 - - [16/Jul/2026:20:32:18 +0000] "GET /.env.bak HTTP/1.1" 404 5725 "https://www.customassignment.us/.env.bak" "Mozilla/5.0 (compatible; DuckDuckBot/1.1; +http://duckduckgo.com/duckduckbot.html)"
158.51.126.144 - - [16/Jul/2026:20:32:18 +0000] "GET /.env.backup HTTP/1.1" 301 0 "-" "Mozilla/5.0 (compatible; YandexBot/3.0; +http://yandex.com/bots)"
158.51.126.144 - - [16/Jul/2026:20:32:18 +0000] "GET /.env.local HTTP/1.1" 301 0 "-" "CCBot/2.0 (https://commoncrawl.org/faq/)"
158.51.126.144 - - [16/Jul/2026:20:32:19 +0000] "GET /.env.production HTTP/1.1" 404 5725 "https://www.customassignment.us/.env.production" "Mozilla/5.0 (compatible; YandexBot/3.0; +http://yandex.com/bots)"
158.51.126.144 - - [16/Jul/2026:20:32:19 +0000] "GET /appsettings.json HTTP/1.1" 404 5725 "https://www.customassignment.us/appsettings.json" "Mozilla/5.0 (compatible; bingbot/2.0; +http://www.bing.com/bingbot.htm)"
158.51.126.144 - - [16/Jul/2026:20:32:19 +0000] "GET /.env HTTP/1.1" 404 5725 "https://www.customassignment.us/.env" "Mozilla/5.0 (compatible; Baiduspider/2.0; +http://www.baidu.com/search/spider.html)"
158.51.126.144 - - [16/Jul/2026:20:32:19 +0000] "GET /actuator/env HTTP/1.1" 404 5725 "https://www.customassignment.us/actuator/env" "Mozilla/5.0 AppleWebKit/537.36 (KHTML, like Gecko; compatible; ChatGPT-User/1.0; +https://openai.com/bot)"
158.51.126.144 - - [16/Jul/2026:20:32:19 +0000] "GET /.env.local HTTP/1.1" 404 5725 "https://www.customassignment.us/.env.local" "CCBot/2.0 (https://commoncrawl.org/faq/)"
158.51.126.144 - - [16/Jul/2026:20:32:19 +0000] "GET /.env.backup HTTP/1.1" 404 5725 "https://www.customassignment.us/.env.backup" "Mozilla/5.0 (compatible; YandexBot/3.0; +http://yandex.com/bots)"
158.51.126.144 - - [16/Jul/2026:20:32:20 +0000] "GET /secrets.json HTTP/1.1" 404 5725 "https://www.customassignment.us/secrets.json" "Mozilla/5.0 (compatible; OAI-SearchBot/1.3; +https://openai.com/searchbot)"
158.51.126.144 - - [16/Jul/2026:20:32:21 +0000] "GET /.env.development HTTP/1.1" 404 5725 "https://www.customassignment.us/.env.development" "CCBot/2.0 (https://commoncrawl.org/faq/)"
158.51.126.144 - - [16/Jul/2026:20:32:22 +0000] "GET /config.json HTTP/1.1" 404 5725 "https://www.customassignment.us/config.json" "Mozilla/5.0 AppleWebKit/537.36 (KHTML, like Gecko; compatible; GPTBot/1.3; +https://openai.com/gptbot)"
158.51.126.144 - - [16/Jul/2026:20:32:22 +0000] "GET /.git/HEAD HTTP/1.1" 403 1242 "-" "Mozilla/5.0 (compatible; PerplexityBot/1.0; +https://perplexity.ai/perplexitybot)"
158.51.126.144 - - [16/Jul/2026:20:32:23 +0000] "GET /app/.git/HEAD HTTP/1.1" 403 1242 "-" "Mozilla/5.0 (compatible; Amazonbot/0.1; +https://developer.amazon.com/support/amazonbot)"
158.51.126.144 - - [16/Jul/2026:20:32:23 +0000] "GET /public/.git/HEAD HTTP/1.1" 403 1242 "-" "Mozilla/5.0 (compatible; GoogleOther; +https://developers.google.com/search/)"
158.51.126.144 - - [16/Jul/2026:20:32:23 +0000] "GET /src/.git/HEAD HTTP/1.1" 403 1242 "-" "Mozilla/5.0 (compatible; Amazonbot/0.1; +https://developer.amazon.com/support/amazonbot)"
158.51.126.144 - - [16/Jul/2026:20:32:23 +0000] "GET /backend/.git/HEAD HTTP/1.1" 403 1242 "-" "CCBot/2.0 (https://commoncrawl.org/faq/)"
158.51.126.144 - - [16/Jul/2026:20:33:25 +0000] "GET /order/ HTTP/1.1" 200 1541 "-" "Mozilla/5.0 (compatible; PerplexityBot/1.0; +https://perplexity.ai/perplexitybot)"
158.51.126.144 - - [16/Jul/2026:20:33:26 +0000] "GET /dashboard/authorization HTTP/1.1" 200 1187 "-" "Mozilla/5.0 (compatible; Amazonbot/0.1; +https://developer.amazon.com/support/amazonbot)"
158.51.126.144 - - [16/Jul/2026:20:33:57 +0000] "GET /static/bundles/app.css?ver=3.0.0.1 HTTP/1.1" 200 116635 "-" "Mozilla/5.0 (compatible; Google-CloudVertexBot; +https://cloud.google.com/vertex-ai-bot)"
158.51.126.144 - - [16/Jul/2026:20:33:58 +0000] "GET /static/common/libs/jquery/3.2.1/jquery.min.js?ver=3.0.0.1 HTTP/1.1" 200 29498 "-" "Mozilla/5.0 AppleWebKit/537.36 (KHTML, like Gecko; compatible; GPTBot/1.3; +https://openai.com/gptbot)"
158.51.126.144 - - [16/Jul/2026:20:33:58 +0000] "GET /static/css/components.css?ver=3.0.0.1 HTTP/1.1" 200 4777 "-" "Mozilla/5.0 (compatible; OAI-SearchBot/1.3; +https://openai.com/searchbot)"
158.51.126.144 - - [16/Jul/2026:20:33:58 +0000] "GET /static/css/styles.css?ver=3.0.0.1 HTTP/1.1" 200 591 "-" "Mozilla/5.0 (compatible; Baiduspider/2.0; +http://www.baidu.com/search/spider.html)"
158.51.126.144 - - [16/Jul/2026:20:33:58 +0000] "GET /static/bundles/app.js?ver=3.0.0.1 HTTP/1.1" 200 355866 "-" "Mozilla/5.0 (compatible; Amazonbot/0.1; +https://developer.amazon.com/support/amazonbot)"
158.51.126.144 - - [16/Jul/2026:20:33:58 +0000] "GET /static/js/components.js?ver=3.0.0.1 HTTP/1.1" 200 882 "-" "Mozilla/5.0 (compatible; PerplexityBot/1.0; +https://perplexity.ai/perplexitybot)"
192.250.239.59 - - [16/Jul/2026:20:58:04 +0000] "POST /wp-cron.php?doing_wp_cron=1784235484.2406289577484130859375 HTTP/1.1" 200 0 "-" "WordPress/6.9; https://customassignment.us"
2a03:2880:16ff:52:: - - [16/Jul/2026:20:58:03 +0000] "GET /robots.txt HTTP/1.1" 301 0 "-" "facebookexternalhit/1.1 (+http://www.facebook.com/externalhit_uatext.php)"
2a03:2880:16ff:52:: - - [16/Jul/2026:20:58:04 +0000] "GET /robots.txt HTTP/1.1" 200 97 "-" "facebookexternalhit/1.1 (+http://www.facebook.com/externalhit_uatext.php)"
45.146.54.135 - - [16/Jul/2026:21:02:58 +0000] "POST /wp-login.php HTTP/1.1" 200 1907 "-" "firefox|Mozilla/5.0 (Windows; U; Windows NT 10.5; WOW64) Gecko/20100101 Firefox/63.8"
216.73.163.200 - - [16/Jul/2026:21:05:59 +0000] "POST /wp-login.php HTTP/1.1" 200 2157 "-" "Mozilla/5.0 (iPad; CPU OS 17_4_1 like Mac OS X) AppleWebKit/605.1.15 (KHTML, like Gecko) Mobile/21E236 [FBAN/FBIOS;FBAV/459.0.5.36.101;FBBV/586316235;FBDV/iPad7,11;FBMD/iPad;FBSN/iPadOS;FBSV/17.4.1;FBSS/2;FBID/tablet;FBLC/nl_NL;FBOP/5;FBRV/587822385]"
2a03:2880:f800:1d:: - - [16/Jul/2026:21:09:45 +0000] "GET /wp-sitemap-posts-post-1.xml HTTP/1.1" 200 202 "-" "Mozilla/5.0 (Windows NT 10.0; Win64; x64) AppleWebKit/537.36 (KHTML, like Gecko) Chrome/145.0.0.0 Safari/537.36 Edg/145.0.0.0 (compatible; meta-externalagent/1.1 (+https://developers.facebook.com/docs/sharing/webmasters/crawler))"
192.250.239.59 - - [16/Jul/2026:21:11:01 +0000] "POST /wp-cron.php?doing_wp_cron=1784236261.4239060878753662109375 HTTP/1.1" 200 0 "-" "WordPress/6.9; https://customassignment.us"
216.73.163.163 - - [16/Jul/2026:21:11:00 +0000] "POST /wp-login.php HTTP/1.1" 200 1909 "-" "Mozilla/5.0 (Linux; Android 10; K) AppleWebKit/537.36 (KHTML, like Gecko) Chrome/123.0.0.0 Mobile Safari/537.36 [ip:94.109.200.42]"
216.73.163.143 - - [16/Jul/2026:21:39:09 +0000] "POST /wp-login.php HTTP/1.1" 200 1907 "-" "firefox|Mozilla/5.0 (Windows NT 10.4;) Gecko/20100101 Firefox/52.7"
216.73.216.82 - - [16/Jul/2026:21:51:39 +0000] "GET /wp-sitemap.xml HTTP/1.1" 200 193 "-" "Mozilla/5.0 AppleWebKit/537.36 (KHTML, like Gecko; compatible; ClaudeBot/1.0; +claudebot@anthropic.com)"
136.144.33.162 - - [16/Jul/2026:21:56:22 +0000] "GET /wp-login.php HTTP/1.1" 200 1794 "-" "Mozilla/5.0 (Windows NT 10.0; Win64; rv:143.0) Gecko/20100101 Firefox/143.0"
136.144.33.162 - - [16/Jul/2026:21:56:23 +0000] "GET /?author=1 HTTP/1.1" 301 0 "-" "Mozilla/5.0 (Windows NT 10.0; Win64; x64) AppleWebKit/537.36 Chrome/129.0.0.0 Safari/537.36"
136.144.33.162 - - [16/Jul/2026:21:56:24 +0000] "GET /?rest_route=/wp/v2/users HTTP/1.1" 200 306 "-" "Mozilla/5.0 (Windows NT 10.0; Win64; x64) AppleWebKit/537.36 Chrome/129.0.0.0 Safari/537.36"
216.73.163.185 - - [16/Jul/2026:21:57:35 +0000] "POST /wp-login.php HTTP/1.1" 200 2157 "-" "Mozilla/5.0 (Windows NT 6.3; Win64; x64) AppleWebKit/537.36 (KHTML, like Gecko) Chrome/93.0.4577.63 Safari/537.36"
45.146.54.147 - - [16/Jul/2026:22:02:38 +0000] "POST /wp-login.php HTTP/1.1" 200 1909 "-" "Mozilla/5.0 (Linux; Android 10; moto g(7) power) AppleWebKit/537.36 (KHTML, like Gecko) Chrome/111.0.0.0 Mobile Safari/537.36 ABB/3.4.5"
192.250.239.59 - - [16/Jul/2026:22:15:35 +0000] "POST /wp-cron.php?doing_wp_cron=1784240135.6302869319915771484375 HTTP/1.1" 200 0 "-" "WordPress/6.9; https://customassignment.us"
216.73.163.137 - - [16/Jul/2026:22:15:35 +0000] "POST /wp-login.php HTTP/1.1" 200 1907 "-" "firefox|Mozilla/5.0 (Windows; Windows NT 10.5; WOW64; en-US) Gecko/20100101 Firefox/56.5"
114.119.141.18 - - [16/Jul/2026:22:17:44 +0000] "GET /robots.txt HTTP/1.1" 200 97 "http://customassignment.us/robots.txt" "Mozilla/5.0 (compatible;PetalBot;+https://webmaster.petalsearch.com/site/petalbot)"
216.244.66.232 - - [16/Jul/2026:22:29:57 +0000] "GET /robots.txt HTTP/1.1" 200 97 "-" "Mozilla/5.0 (compatible; DotBot/1.2; +https://opensiteexplorer.org/dotbot; help@moz.com)"
216.244.66.232 - - [16/Jul/2026:22:31:20 +0000] "GET /acct420-cost-accounting-mid-term-examination-review/feed/ HTTP/1.1" 200 409 "-" "Mozilla/5.0 (compatible; DotBot/1.2; +https://opensiteexplorer.org/dotbot; help@moz.com)"
216.244.66.232 - - [16/Jul/2026:22:31:25 +0000] "GET /assignment-evidence-based-practice-and-the-quadruple-aim/feed/ HTTP/1.1" 200 404 "-" "Mozilla/5.0 (compatible; DotBot/1.2; +https://opensiteexplorer.org/dotbot; help@moz.com)"
216.244.66.232 - - [16/Jul/2026:22:31:28 +0000] "GET /corporate-bond-to-invest-accounting-homework-help/feed/ HTTP/1.1" 200 404 "-" "Mozilla/5.0 (compatible; DotBot/1.2; +https://opensiteexplorer.org/dotbot; help@moz.com)"
216.244.66.232 - - [16/Jul/2026:22:31:32 +0000] "GET /cost-accounting-acct-605-hi-tek-manufacturing-inc/feed/ HTTP/1.1" 200 407 "-" "Mozilla/5.0 (compatible; DotBot/1.2; +https://opensiteexplorer.org/dotbot; help@moz.com)"
216.244.66.232 - - [16/Jul/2026:22:31:35 +0000] "GET /discussion-philosophy-homework-help/feed/ HTTP/1.1" 200 395 "-" "Mozilla/5.0 (compatible; DotBot/1.2; +https://opensiteexplorer.org/dotbot; help@moz.com)"
216.244.66.232 - - [16/Jul/2026:22:31:37 +0000] "GET /for-any-external-resources-that-are-used-on-the-project-such-as/feed/ HTTP/1.1" 200 415 "-" "Mozilla/5.0 (compatible; DotBot/1.2; +https://opensiteexplorer.org/dotbot; help@moz.com)"
216.244.66.232 - - [16/Jul/2026:22:31:39 +0000] "GET /human-services-values-resources-psychology-homework-help/feed/ HTTP/1.1" 200 409 "-" "Mozilla/5.0 (compatible; DotBot/1.2; +https://opensiteexplorer.org/dotbot; help@moz.com)"
216.244.66.232 - - [16/Jul/2026:22:31:41 +0000] "GET /nurs-6550-final-exam-3-versions-nurs-6550-midterm-exam-100/feed/ HTTP/1.1" 200 405 "-" "Mozilla/5.0 (compatible; DotBot/1.2; +https://opensiteexplorer.org/dotbot; help@moz.com)"
216.244.66.232 - - [16/Jul/2026:22:31:43 +0000] "GET /pleased-i-need-this-today-thank-you/feed/ HTTP/1.1" 200 400 "-" "Mozilla/5.0 (compatible; DotBot/1.2; +https://opensiteexplorer.org/dotbot; help@moz.com)"
216.244.66.232 - - [16/Jul/2026:22:31:44 +0000] "GET /reflection-kr-management-homework-help/feed/ HTTP/1.1" 200 398 "-" "Mozilla/5.0 (compatible; DotBot/1.2; +https://opensiteexplorer.org/dotbot; help@moz.com)"
216.244.66.232 - - [16/Jul/2026:22:31:57 +0000] "GET /solution-engl-good-and-poor-leadership-peer-responses-discussions/feed/ HTTP/1.1" 200 411 "-" "Mozilla/5.0 (compatible; DotBot/1.2; +https://opensiteexplorer.org/dotbot; help@moz.com)"
216.244.66.232 - - [16/Jul/2026:22:32:12 +0000] "GET /solution-mgt-403-seu-knowledge-management-why-is-knowledge-management-important-today-report/feed/ HTTP/1.1" 200 418 "-" "Mozilla/5.0 (compatible; DotBot/1.2; +https://opensiteexplorer.org/dotbot; help@moz.com)"
216.244.66.232 - - [16/Jul/2026:22:32:15 +0000] "GET /solution-mgt-4472-troy-what-type-of-motivation-does-self-determination-theory-focus-on-questions/feed/ HTTP/1.1" 200 437 "-" "Mozilla/5.0 (compatible; DotBot/1.2; +https://opensiteexplorer.org/dotbot; help@moz.com)"
216.244.66.232 - - [16/Jul/2026:22:32:17 +0000] "GET /solution-res500-week-4-critical-thinking/feed/ HTTP/1.1" 200 403 "-" "Mozilla/5.0 (compatible; DotBot/1.2; +https://opensiteexplorer.org/dotbot; help@moz.com)"
216.244.66.232 - - [16/Jul/2026:22:32:19 +0000] "GET /spanish-homework-paragraph-indicative-subjunctive/feed/ HTTP/1.1" 200 408 "-" "Mozilla/5.0 (compatible; DotBot/1.2; +https://opensiteexplorer.org/dotbot; help@moz.com)"
216.244.66.232 - - [16/Jul/2026:22:32:21 +0000] "GET /supposing-manager-business-finance-homework-help/feed/ HTTP/1.1" 200 406 "-" "Mozilla/5.0 (compatible; DotBot/1.2; +https://opensiteexplorer.org/dotbot; help@moz.com)"
216.244.66.232 - - [16/Jul/2026:22:32:22 +0000] "GET /tag/often-from-experts-in-the-field/feed/ HTTP/1.1" 200 456 "-" "Mozilla/5.0 (compatible; DotBot/1.2; +https://opensiteexplorer.org/dotbot; help@moz.com)"
216.244.66.232 - - [16/Jul/2026:22:32:24 +0000] "GET /tag/quality-of-writing/feed/ HTTP/1.1" 200 443 "-" "Mozilla/5.0 (compatible; DotBot/1.2; +https://opensiteexplorer.org/dotbot; help@moz.com)"
216.244.66.232 - - [16/Jul/2026:22:32:25 +0000] "GET /tag/there-are-some-important-things-to-keep-in-mind-first-and-foremost/feed/ HTTP/1.1" 200 476 "-" "Mozilla/5.0 (compatible; DotBot/1.2; +https://opensiteexplorer.org/dotbot; help@moz.com)"
62.60.130.210 - - [16/Jul/2026:22:43:52 +0000] "GET /images/images/cache.php HTTP/1.1" 404 5725 "www.google.com" "Mozlila/5.0 (Linux; Android 7.0; SM-G892A Bulid/NRD90M; wv) AppleWebKit/537.36 (KHTML, like Gecko) Version/4.0 Chrome/60.0.3112.107 Moblie Safari/537.36"
62.60.130.210 - - [16/Jul/2026:22:43:55 +0000] "GET /cgi-bin/cgi-bin/cgi-bin/cgi-bin/cache.php HTTP/1.1" 404 5724 "www.google.com" "Mozlila/5.0 (Linux; Android 7.0; SM-G892A Bulid/NRD90M; wv) AppleWebKit/537.36 (KHTML, like Gecko) Version/4.0 Chrome/60.0.3112.107 Moblie Safari/537.36"
62.60.130.210 - - [16/Jul/2026:22:43:59 +0000] "GET /images/images/images/images/images/images/images/images/cache.php HTTP/1.1" 404 5725 "www.google.com" "Mozlila/5.0 (Linux; Android 7.0; SM-G892A Bulid/NRD90M; wv) AppleWebKit/537.36 (KHTML, like Gecko) Version/4.0 Chrome/60.0.3112.107 Moblie Safari/537.36"
62.60.130.210 - - [16/Jul/2026:22:44:01 +0000] "GET /images/images/images/images/images/images/images/cache.php HTTP/1.1" 404 5725 "www.google.com" "Mozlila/5.0 (Linux; Android 7.0; SM-G892A Bulid/NRD90M; wv) AppleWebKit/537.36 (KHTML, like Gecko) Version/4.0 Chrome/60.0.3112.107 Moblie Safari/537.36"
62.60.130.210 - - [16/Jul/2026:22:44:03 +0000] "GET /images/images/images/images/images/images/cache.php HTTP/1.1" 404 5724 "www.google.com" "Mozlila/5.0 (Linux; Android 7.0; SM-G892A Bulid/NRD90M; wv) AppleWebKit/537.36 (KHTML, like Gecko) Version/4.0 Chrome/60.0.3112.107 Moblie Safari/537.36"
62.60.130.210 - - [16/Jul/2026:22:44:07 +0000] "GET /images/images/images/images/images/cache.php HTTP/1.1" 404 5725 "www.google.com" "Mozlila/5.0 (Linux; Android 7.0; SM-G892A Bulid/NRD90M; wv) AppleWebKit/537.36 (KHTML, like Gecko) Version/4.0 Chrome/60.0.3112.107 Moblie Safari/537.36"
62.60.130.210 - - [16/Jul/2026:22:44:09 +0000] "GET /images/images/images/images/cache.php HTTP/1.1" 404 5725 "www.google.com" "Mozlila/5.0 (Linux; Android 7.0; SM-G892A Bulid/NRD90M; wv) AppleWebKit/537.36 (KHTML, like Gecko) Version/4.0 Chrome/60.0.3112.107 Moblie Safari/537.36"
62.60.130.210 - - [16/Jul/2026:22:44:12 +0000] "GET /images/images/images/cache.php HTTP/1.1" 404 5725 "www.google.com" "Mozlila/5.0 (Linux; Android 7.0; SM-G892A Bulid/NRD90M; wv) AppleWebKit/537.36 (KHTML, like Gecko) Version/4.0 Chrome/60.0.3112.107 Moblie Safari/537.36"
62.60.130.210 - - [16/Jul/2026:22:44:15 +0000] "GET /wp-content/plugins/plugins/cache.php HTTP/1.1" 404 5725 "www.google.com" "Mozlila/5.0 (Linux; Android 7.0; SM-G892A Bulid/NRD90M; wv) AppleWebKit/537.36 (KHTML, like Gecko) Version/4.0 Chrome/60.0.3112.107 Moblie Safari/537.36"
62.60.130.210 - - [16/Jul/2026:22:44:17 +0000] "GET /assets/images/images/cache.php HTTP/1.1" 404 5725 "www.google.com" "Mozlila/5.0 (Linux; Android 7.0; SM-G892A Bulid/NRD90M; wv) AppleWebKit/537.36 (KHTML, like Gecko) Version/4.0 Chrome/60.0.3112.107 Moblie Safari/537.36"
62.60.130.210 - - [16/Jul/2026:22:44:19 +0000] "GET /blogs/media/media/cache.php HTTP/1.1" 404 5725 "www.google.com" "Mozlila/5.0 (Linux; Android 7.0; SM-G892A Bulid/NRD90M; wv) AppleWebKit/537.36 (KHTML, like Gecko) Version/4.0 Chrome/60.0.3112.107 Moblie Safari/537.36"
62.60.130.210 - - [16/Jul/2026:22:44:21 +0000] "GET /cache/cache/cache.php HTTP/1.1" 404 5725 "www.google.com" "Mozlila/5.0 (Linux; Android 7.0; SM-G892A Bulid/NRD90M; wv) AppleWebKit/537.36 (KHTML, like Gecko) Version/4.0 Chrome/60.0.3112.107 Moblie Safari/537.36"
216.73.163.166 - - [16/Jul/2026:22:49:00 +0000] "POST /wp-login.php HTTP/1.1" 200 2157 "-" "Mozilla/5.0 (Linux; Android 9; vivo 1916 Build/PKQ1.190626.001; wv) AppleWebKit/537.36 (KHTML, like Gecko) Chrome/62.0.3202.84 Mobile Safari/537.36 VivoBrowser/5.9.3.81"
216.73.163.153 - - [16/Jul/2026:22:50:52 +0000] "POST /wp-login.php HTTP/1.1" 200 1907 "-" "Mozilla/5.0 (Linux; Android 7.0; SM-J530F Build/NRD90M; wv) AppleWebKit/537.36 (KHTML, like Gecko) Version/4.0 Chrome/62.0.3202.84 Mobile Safari/537.36 Viber/12.7.5.1"
216.73.163.162 - - [16/Jul/2026:22:53:47 +0000] "POST /wp-login.php HTTP/1.1" 200 1909 "-" "Mozilla/5.0 (Linux; Android 11; Pixel 5) AppleWebKit/537.36 (KHTML, like Gecko) Chrome/77.0.3865.116 Mobile Safari/537.36 EdgA/46.01.4.5140"
2a03:2880:f800:e:: - - [16/Jul/2026:23:02:12 +0000] "GET /wp-sitemap-posts-page-1.xml HTTP/1.1" 200 201 "-" "Mozilla/5.0 (Windows NT 10.0; Win64; x64) AppleWebKit/537.36 (KHTML, like Gecko) Chrome/145.0.0.0 Safari/537.36 (compatible; meta-externalagent/1.1 (+https://developers.facebook.com/docs/sharing/webmasters/crawler))"
192.250.239.59 - - [16/Jul/2026:23:25:09 +0000] "POST /wp-cron.php?doing_wp_cron=1784244309.0484449863433837890625 HTTP/1.1" 200 0 "-" "WordPress/6.9; https://customassignment.us"
40.77.167.159 - - [16/Jul/2026:23:25:08 +0000] "GET /wp-sitemap.xml HTTP/1.1" 200 193 "-" "Mozilla/5.0 AppleWebKit/537.36 (KHTML, like Gecko; compatible; bingbot/2.0; +http://www.bing.com/bingbot.htm) Chrome/116.0.1938.76 Safari/537.36"
216.73.163.157 - - [16/Jul/2026:23:26:30 +0000] "POST /wp-login.php HTTP/1.1" 200 1907 "-" "mobile|Mozilla/5.0 (Linux; U; Android 4.3.1; SM-G913V Build/JLS36C) AppleWebKit/600.10 (KHTML, like Gecko) Chrome/54.0.2926.267 Mobile Safari/533.4"
158.173.67.83 - - [16/Jul/2026:23:37:36 +0000] "GET / HTTP/1.1" 200 12221 "http://mail.customassignment.us/" "Mozilla/5.0 (Windows NT 10.0; Win64; x64; rv:126.0) Gecko/20100101 Firefox/126.0"
158.173.67.83 - - [16/Jul/2026:23:37:36 +0000] "GET / HTTP/1.1" 200 12216 "http://customassignment.us/" "Mozilla/5.0 (iPhone; CPU iPhone OS 17_5 like Mac OS X) AppleWebKit/605.1.15 (KHTML, like Gecko) Version/17.5 Mobile/15E148 Safari/604.1"
216.73.163.181 - - [16/Jul/2026:23:40:04 +0000] "POST /wp-login.php HTTP/1.1" 200 2157 "-" "Mozilla/5.0 (Linux; Android 10; K) AppleWebKit/537.36 (KHTML, like Gecko) SamsungBrowser/24.0 Chrome/117.0.0.0 Mobile Safari/537.36 [ip:193.207.152.120]"
216.73.163.192 - - [16/Jul/2026:23:44:59 +0000] "POST /wp-login.php HTTP/1.1" 200 1909 "-" "Mozilla/5.0 (Linux; Android 9; Redmi Note 8T) AppleWebKit/537.36 (KHTML, like Gecko) Chrome/86.0.4240.110 Mobile Safari/537.36"
216.73.216.82 - - [16/Jul/2026:23:47:36 +0000] "GET /robots.txt HTTP/1.1" 200 97 "-" "Mozilla/5.0 AppleWebKit/537.36 (KHTML, like Gecko; compatible; ClaudeBot/1.0; +claudebot@anthropic.com)"
216.73.216.82 - - [16/Jul/2026:23:47:36 +0000] "GET /wp-sitemap.xml HTTP/1.1" 200 193 "-" "Mozilla/5.0 AppleWebKit/537.36 (KHTML, like Gecko; compatible; ClaudeBot/1.0; +claudebot@anthropic.com)"
216.73.163.157 - - [17/Jul/2026:00:02:16 +0000] "POST /wp-login.php HTTP/1.1" 200 1907 "-" "Mozilla/5.0 (Linux; Android 10; VOG-L29 Build/HUAWEIVOG-L29; wv) AppleWebKit/537.36 (KHTML, like Gecko) Version/4.0 Chrome/123.0.6312.99 Mobile Safari/537.36"
2804:1b3:6502:d37e:9915:666d:ae76:e3f4 - - [17/Jul/2026:00:15:00 +0000] "POST /xmlrpc.php HTTP/1.1" 403 1242 "-" "Mozilla/5.0 (Windows NT 6.2; x86) AppleWebKit/537.36 (KHTML, like Gecko) Opera/79.0.0.0 Safari/537.36"
192.250.239.59 - - [17/Jul/2026:00:19:19 +0000] "POST /wp-cron.php?doing_wp_cron=1784247559.7491130828857421875000 HTTP/1.1" 200 0 "-" "WordPress/6.9; https://customassignment.us"
85.11.167.175 - - [17/Jul/2026:00:19:19 +0000] "GET //images/images/cache.php HTTP/1.1" 301 0 "www.google.com" "Mozlila/5.0 (Linux; Android 7.0; SM-G892A Bulid/NRD90M; wv) AppleWebKit/537.36 (KHTML, like Gecko) Version/4.0 Chrome/60.0.3112.107 Moblie Safari/537.36"
85.11.167.175 - - [17/Jul/2026:00:19:19 +0000] "GET /images/images/cache.php HTTP/1.1" 404 5725 "www.google.com" "Mozlila/5.0 (Linux; Android 7.0; SM-G892A Bulid/NRD90M; wv) AppleWebKit/537.36 (KHTML, like Gecko) Version/4.0 Chrome/60.0.3112.107 Moblie Safari/537.36"
85.11.167.175 - - [17/Jul/2026:00:19:21 +0000] "GET //cgi-bin/cgi-bin/cgi-bin/cgi-bin/cache.php HTTP/1.1" 301 0 "www.google.com" "Mozlila/5.0 (Linux; Android 7.0; SM-G892A Bulid/NRD90M; wv) AppleWebKit/537.36 (KHTML, like Gecko) Version/4.0 Chrome/60.0.3112.107 Moblie Safari/537.36"
85.11.167.175 - - [17/Jul/2026:00:19:21 +0000] "GET /cgi-bin/cgi-bin/cgi-bin/cgi-bin/cache.php HTTP/1.1" 404 5725 "www.google.com" "Mozlila/5.0 (Linux; Android 7.0; SM-G892A Bulid/NRD90M; wv) AppleWebKit/537.36 (KHTML, like Gecko) Version/4.0 Chrome/60.0.3112.107 Moblie Safari/537.36"
85.11.167.175 - - [17/Jul/2026:00:19:23 +0000] "GET //images/images/images/images/images/images/images/images/cache.php HTTP/1.1" 301 0 "www.google.com" "Mozlila/5.0 (Linux; Android 7.0; SM-G892A Bulid/NRD90M; wv) AppleWebKit/537.36 (KHTML, like Gecko) Version/4.0 Chrome/60.0.3112.107 Moblie Safari/537.36"
85.11.167.175 - - [17/Jul/2026:00:19:23 +0000] "GET /images/images/images/images/images/images/images/images/cache.php HTTP/1.1" 404 5724 "www.google.com" "Mozlila/5.0 (Linux; Android 7.0; SM-G892A Bulid/NRD90M; wv) AppleWebKit/537.36 (KHTML, like Gecko) Version/4.0 Chrome/60.0.3112.107 Moblie Safari/537.36"
85.11.167.175 - - [17/Jul/2026:00:19:25 +0000] "GET //images/images/images/images/images/images/images/cache.php HTTP/1.1" 301 0 "www.google.com" "Mozlila/5.0 (Linux; Android 7.0; SM-G892A Bulid/NRD90M; wv) AppleWebKit/537.36 (KHTML, like Gecko) Version/4.0 Chrome/60.0.3112.107 Moblie Safari/537.36"
85.11.167.175 - - [17/Jul/2026:00:19:25 +0000] "GET /images/images/images/images/images/images/images/cache.php HTTP/1.1" 404 5725 "www.google.com" "Mozlila/5.0 (Linux; Android 7.0; SM-G892A Bulid/NRD90M; wv) AppleWebKit/537.36 (KHTML, like Gecko) Version/4.0 Chrome/60.0.3112.107 Moblie Safari/537.36"
85.11.167.175 - - [17/Jul/2026:00:19:27 +0000] "GET //images/images/images/images/images/images/cache.php HTTP/1.1" 301 0 "www.google.com" "Mozlila/5.0 (Linux; Android 7.0; SM-G892A Bulid/NRD90M; wv) AppleWebKit/537.36 (KHTML, like Gecko) Version/4.0 Chrome/60.0.3112.107 Moblie Safari/537.36"
85.11.167.175 - - [17/Jul/2026:00:19:27 +0000] "GET /images/images/images/images/images/images/cache.php HTTP/1.1" 404 5725 "www.google.com" "Mozlila/5.0 (Linux; Android 7.0; SM-G892A Bulid/NRD90M; wv) AppleWebKit/537.36 (KHTML, like Gecko) Version/4.0 Chrome/60.0.3112.107 Moblie Safari/537.36"
85.11.167.175 - - [17/Jul/2026:00:19:28 +0000] "GET //images/images/images/images/images/cache.php HTTP/1.1" 301 0 "www.google.com" "Mozlila/5.0 (Linux; Android 7.0; SM-G892A Bulid/NRD90M; wv) AppleWebKit/537.36 (KHTML, like Gecko) Version/4.0 Chrome/60.0.3112.107 Moblie Safari/537.36"
85.11.167.175 - - [17/Jul/2026:00:19:29 +0000] "GET /images/images/images/images/images/cache.php HTTP/1.1" 404 5725 "www.google.com" "Mozlila/5.0 (Linux; Android 7.0; SM-G892A Bulid/NRD90M; wv) AppleWebKit/537.36 (KHTML, like Gecko) Version/4.0 Chrome/60.0.3112.107 Moblie Safari/537.36"
85.11.167.175 - - [17/Jul/2026:00:19:29 +0000] "GET //images/images/images/images/cache.php HTTP/1.1" 301 0 "www.google.com" "Mozlila/5.0 (Linux; Android 7.0; SM-G892A Bulid/NRD90M; wv) AppleWebKit/537.36 (KHTML, like Gecko) Version/4.0 Chrome/60.0.3112.107 Moblie Safari/537.36"
85.11.167.175 - - [17/Jul/2026:00:19:30 +0000] "GET /images/images/images/images/cache.php HTTP/1.1" 404 5725 "www.google.com" "Mozlila/5.0 (Linux; Android 7.0; SM-G892A Bulid/NRD90M; wv) AppleWebKit/537.36 (KHTML, like Gecko) Version/4.0 Chrome/60.0.3112.107 Moblie Safari/537.36"
85.11.167.175 - - [17/Jul/2026:00:19:31 +0000] "GET //images/images/images/cache.php HTTP/1.1" 301 0 "www.google.com" "Mozlila/5.0 (Linux; Android 7.0; SM-G892A Bulid/NRD90M; wv) AppleWebKit/537.36 (KHTML, like Gecko) Version/4.0 Chrome/60.0.3112.107 Moblie Safari/537.36"
85.11.167.175 - - [17/Jul/2026:00:19:31 +0000] "GET /images/images/images/cache.php HTTP/1.1" 404 5725 "www.google.com" "Mozlila/5.0 (Linux; Android 7.0; SM-G892A Bulid/NRD90M; wv) AppleWebKit/537.36 (KHTML, like Gecko) Version/4.0 Chrome/60.0.3112.107 Moblie Safari/537.36"
85.11.167.175 - - [17/Jul/2026:00:19:33 +0000] "GET //wp-content/plugins/plugins/cache.php HTTP/1.1" 301 0 "www.google.com" "Mozlila/5.0 (Linux; Android 7.0; SM-G892A Bulid/NRD90M; wv) AppleWebKit/537.36 (KHTML, like Gecko) Version/4.0 Chrome/60.0.3112.107 Moblie Safari/537.36"
85.11.167.175 - - [17/Jul/2026:00:19:33 +0000] "GET /wp-content/plugins/plugins/cache.php HTTP/1.1" 404 5725 "www.google.com" "Mozlila/5.0 (Linux; Android 7.0; SM-G892A Bulid/NRD90M; wv) AppleWebKit/537.36 (KHTML, like Gecko) Version/4.0 Chrome/60.0.3112.107 Moblie Safari/537.36"
85.11.167.175 - - [17/Jul/2026:00:19:35 +0000] "GET //assets/images/images/cache.php HTTP/1.1" 301 0 "www.google.com" "Mozlila/5.0 (Linux; Android 7.0; SM-G892A Bulid/NRD90M; wv) AppleWebKit/537.36 (KHTML, like Gecko) Version/4.0 Chrome/60.0.3112.107 Moblie Safari/537.36"
85.11.167.175 - - [17/Jul/2026:00:19:35 +0000] "GET /assets/images/images/cache.php HTTP/1.1" 404 5725 "www.google.com" "Mozlila/5.0 (Linux; Android 7.0; SM-G892A Bulid/NRD90M; wv) AppleWebKit/537.36 (KHTML, like Gecko) Version/4.0 Chrome/60.0.3112.107 Moblie Safari/537.36"
