File: /home/assibfaf/access-logs/customassignment.us.assignmenttutors.net-ssl_log
161.118.251.181 - - [16/Jul/2026:12:05:45 +0000] "POST //wp-login.php HTTP/1.1" 200 1907 "https://customassignment.us//wp-login.php" "Mozilla/5.0 (Windows NT 10.0; Win64; x64) AppleWebKit/537.36 (KHTML, like Gecko) Chrome/88.0.4240.193 Safari/537.36"
161.118.251.181 - - [16/Jul/2026:12:06:00 +0000] "POST //wp-login.php HTTP/1.1" 200 1907 "https://customassignment.us//wp-login.php" "Mozilla/5.0 (Windows NT 10.0; Win64; x64) AppleWebKit/537.36 (KHTML, like Gecko) Chrome/88.0.4240.193 Safari/537.36"
161.118.251.181 - - [16/Jul/2026:12:06:15 +0000] "POST //wp-login.php HTTP/1.1" 200 1907 "https://customassignment.us//wp-login.php" "Mozilla/5.0 (Windows NT 10.0; Win64; x64) AppleWebKit/537.36 (KHTML, like Gecko) Chrome/88.0.4240.193 Safari/537.36"
161.118.251.181 - - [16/Jul/2026:12:06:30 +0000] "POST //wp-login.php HTTP/1.1" 200 1907 "https://customassignment.us//wp-login.php" "Mozilla/5.0 (Windows NT 10.0; Win64; x64) AppleWebKit/537.36 (KHTML, like Gecko) Chrome/88.0.4240.193 Safari/537.36"
161.118.251.181 - - [16/Jul/2026:12:06:45 +0000] "POST //wp-login.php HTTP/1.1" 200 1907 "https://customassignment.us//wp-login.php" "Mozilla/5.0 (Windows NT 10.0; Win64; x64) AppleWebKit/537.36 (KHTML, like Gecko) Chrome/88.0.4240.193 Safari/537.36"
161.118.251.181 - - [16/Jul/2026:12:07:00 +0000] "POST //wp-login.php HTTP/1.1" 200 1907 "https://customassignment.us//wp-login.php" "Mozilla/5.0 (Windows NT 10.0; Win64; x64) AppleWebKit/537.36 (KHTML, like Gecko) Chrome/88.0.4240.193 Safari/537.36"
161.118.251.181 - - [16/Jul/2026:12:07:15 +0000] "POST //wp-login.php HTTP/1.1" 200 1907 "https://customassignment.us//wp-login.php" "Mozilla/5.0 (Windows NT 10.0; Win64; x64) AppleWebKit/537.36 (KHTML, like Gecko) Chrome/88.0.4240.193 Safari/537.36"
43.162.97.225 - - [16/Jul/2026:12:07:42 +0000] "GET / HTTP/1.1" 200 13723 "-" "Mozilla/5.0 (X11; CrOS x86_64 14541.0.0) AppleWebKit/537.36 (KHTML, like Gecko) Chrome/126.0.0.0 Safari/537.36"
161.118.251.181 - - [16/Jul/2026:12:07:30 +0000] "POST //wp-login.php HTTP/1.1" 200 1907 "https://customassignment.us//wp-login.php" "Mozilla/5.0 (Windows NT 10.0; Win64; x64) AppleWebKit/537.36 (KHTML, like Gecko) Chrome/88.0.4240.193 Safari/537.36"
161.118.251.181 - - [16/Jul/2026:12:07:45 +0000] "POST //wp-login.php HTTP/1.1" 200 1907 "https://customassignment.us//wp-login.php" "Mozilla/5.0 (Windows NT 10.0; Win64; x64) AppleWebKit/537.36 (KHTML, like Gecko) Chrome/88.0.4240.193 Safari/537.36"
161.118.251.181 - - [16/Jul/2026:12:08:00 +0000] "POST //wp-login.php HTTP/1.1" 200 1907 "https://customassignment.us//wp-login.php" "Mozilla/5.0 (Windows NT 10.0; Win64; x64) AppleWebKit/537.36 (KHTML, like Gecko) Chrome/88.0.4240.193 Safari/537.36"
161.118.251.181 - - [16/Jul/2026:12:08:15 +0000] "POST //wp-login.php HTTP/1.1" 200 1907 "https://customassignment.us//wp-login.php" "Mozilla/5.0 (Windows NT 10.0; Win64; x64) AppleWebKit/537.36 (KHTML, like Gecko) Chrome/88.0.4240.193 Safari/537.36"
161.118.251.181 - - [16/Jul/2026:12:08:30 +0000] "POST //wp-login.php HTTP/1.1" 200 1907 "https://customassignment.us//wp-login.php" "Mozilla/5.0 (Windows NT 10.0; Win64; x64) AppleWebKit/537.36 (KHTML, like Gecko) Chrome/88.0.4240.193 Safari/537.36"
161.118.251.181 - - [16/Jul/2026:12:08:45 +0000] "POST //wp-login.php HTTP/1.1" 200 1907 "https://customassignment.us//wp-login.php" "Mozilla/5.0 (Windows NT 10.0; Win64; x64) AppleWebKit/537.36 (KHTML, like Gecko) Chrome/88.0.4240.193 Safari/537.36"
161.118.251.181 - - [16/Jul/2026:12:09:00 +0000] "POST //wp-login.php HTTP/1.1" 200 1907 "https://customassignment.us//wp-login.php" "Mozilla/5.0 (Windows NT 10.0; Win64; x64) AppleWebKit/537.36 (KHTML, like Gecko) Chrome/88.0.4240.193 Safari/537.36"
161.118.251.181 - - [16/Jul/2026:12:09:15 +0000] "POST //wp-login.php HTTP/1.1" 200 1907 "https://customassignment.us//wp-login.php" "Mozilla/5.0 (Windows NT 10.0; Win64; x64) AppleWebKit/537.36 (KHTML, like Gecko) Chrome/88.0.4240.193 Safari/537.36"
161.118.251.181 - - [16/Jul/2026:12:09:30 +0000] "POST //wp-login.php HTTP/1.1" 200 1907 "https://customassignment.us//wp-login.php" "Mozilla/5.0 (Windows NT 10.0; Win64; x64) AppleWebKit/537.36 (KHTML, like Gecko) Chrome/88.0.4240.193 Safari/537.36"
161.118.251.181 - - [16/Jul/2026:12:09:45 +0000] "POST //wp-login.php HTTP/1.1" 200 1907 "https://customassignment.us//wp-login.php" "Mozilla/5.0 (Windows NT 10.0; Win64; x64) AppleWebKit/537.36 (KHTML, like Gecko) Chrome/88.0.4240.193 Safari/537.36"
161.118.251.181 - - [16/Jul/2026:12:10:00 +0000] "POST //wp-login.php HTTP/1.1" 200 1907 "https://customassignment.us//wp-login.php" "Mozilla/5.0 (Windows NT 10.0; Win64; x64) AppleWebKit/537.36 (KHTML, like Gecko) Chrome/88.0.4240.193 Safari/537.36"
161.118.251.181 - - [16/Jul/2026:12:10:15 +0000] "POST //wp-login.php HTTP/1.1" 200 1907 "https://customassignment.us//wp-login.php" "Mozilla/5.0 (Windows NT 10.0; Win64; x64) AppleWebKit/537.36 (KHTML, like Gecko) Chrome/88.0.4240.193 Safari/537.36"
161.118.251.181 - - [16/Jul/2026:12:10:30 +0000] "POST //wp-login.php HTTP/1.1" 200 1907 "https://customassignment.us//wp-login.php" "Mozilla/5.0 (Windows NT 10.0; Win64; x64) AppleWebKit/537.36 (KHTML, like Gecko) Chrome/88.0.4240.193 Safari/537.36"
161.118.251.181 - - [16/Jul/2026:12:10:45 +0000] "POST //wp-login.php HTTP/1.1" 200 1907 "https://customassignment.us//wp-login.php" "Mozilla/5.0 (Windows NT 10.0; Win64; x64) AppleWebKit/537.36 (KHTML, like Gecko) Chrome/88.0.4240.193 Safari/537.36"
161.118.251.181 - - [16/Jul/2026:12:11:00 +0000] "POST //wp-login.php HTTP/1.1" 200 1907 "https://customassignment.us//wp-login.php" "Mozilla/5.0 (Windows NT 10.0; Win64; x64) AppleWebKit/537.36 (KHTML, like Gecko) Chrome/88.0.4240.193 Safari/537.36"
161.118.251.181 - - [16/Jul/2026:12:11:15 +0000] "POST //wp-login.php HTTP/1.1" 200 1907 "https://customassignment.us//wp-login.php" "Mozilla/5.0 (Windows NT 10.0; Win64; x64) AppleWebKit/537.36 (KHTML, like Gecko) Chrome/88.0.4240.193 Safari/537.36"
161.118.251.181 - - [16/Jul/2026:12:11:30 +0000] "POST //wp-login.php HTTP/1.1" 200 1907 "https://customassignment.us//wp-login.php" "Mozilla/5.0 (Windows NT 10.0; Win64; x64) AppleWebKit/537.36 (KHTML, like Gecko) Chrome/88.0.4240.193 Safari/537.36"
161.118.251.181 - - [16/Jul/2026:12:11:45 +0000] "POST //wp-login.php HTTP/1.1" 200 1907 "https://customassignment.us//wp-login.php" "Mozilla/5.0 (Windows NT 10.0; Win64; x64) AppleWebKit/537.36 (KHTML, like Gecko) Chrome/88.0.4240.193 Safari/537.36"
161.118.251.181 - - [16/Jul/2026:12:12:00 +0000] "POST //wp-login.php HTTP/1.1" 200 1907 "https://customassignment.us//wp-login.php" "Mozilla/5.0 (Windows NT 10.0; Win64; x64) AppleWebKit/537.36 (KHTML, like Gecko) Chrome/88.0.4240.193 Safari/537.36"
161.118.251.181 - - [16/Jul/2026:12:12:15 +0000] "POST //wp-login.php HTTP/1.1" 200 1907 "https://customassignment.us//wp-login.php" "Mozilla/5.0 (Windows NT 10.0; Win64; x64) AppleWebKit/537.36 (KHTML, like Gecko) Chrome/88.0.4240.193 Safari/537.36"
161.118.251.181 - - [16/Jul/2026:12:12:30 +0000] "POST //wp-login.php HTTP/1.1" 200 1907 "https://customassignment.us//wp-login.php" "Mozilla/5.0 (Windows NT 10.0; Win64; x64) AppleWebKit/537.36 (KHTML, like Gecko) Chrome/88.0.4240.193 Safari/537.36"
161.118.251.181 - - [16/Jul/2026:12:12:45 +0000] "POST //wp-login.php HTTP/1.1" 200 1907 "https://customassignment.us//wp-login.php" "Mozilla/5.0 (Windows NT 10.0; Win64; x64) AppleWebKit/537.36 (KHTML, like Gecko) Chrome/88.0.4240.193 Safari/537.36"
161.118.251.181 - - [16/Jul/2026:12:13:00 +0000] "POST //wp-login.php HTTP/1.1" 200 1907 "https://customassignment.us//wp-login.php" "Mozilla/5.0 (Windows NT 10.0; Win64; x64) AppleWebKit/537.36 (KHTML, like Gecko) Chrome/88.0.4240.193 Safari/537.36"
161.118.251.181 - - [16/Jul/2026:12:13:15 +0000] "POST //wp-login.php HTTP/1.1" 200 1907 "https://customassignment.us//wp-login.php" "Mozilla/5.0 (Windows NT 10.0; Win64; x64) AppleWebKit/537.36 (KHTML, like Gecko) Chrome/88.0.4240.193 Safari/537.36"
161.118.251.181 - - [16/Jul/2026:12:13:30 +0000] "POST //wp-login.php HTTP/1.1" 200 1907 "https://customassignment.us//wp-login.php" "Mozilla/5.0 (Windows NT 10.0; Win64; x64) AppleWebKit/537.36 (KHTML, like Gecko) Chrome/88.0.4240.193 Safari/537.36"
161.118.251.181 - - [16/Jul/2026:12:13:45 +0000] "POST //wp-login.php HTTP/1.1" 200 1907 "https://customassignment.us//wp-login.php" "Mozilla/5.0 (Windows NT 10.0; Win64; x64) AppleWebKit/537.36 (KHTML, like Gecko) Chrome/88.0.4240.193 Safari/537.36"
192.250.239.59 - - [16/Jul/2026:12:11:15 +0000] "POST /wp-cron.php?doing_wp_cron=1784203875.1283309459686279296875 HTTP/1.1" 200 0 "-" "WordPress/6.9; https://customassignment.us"
66.249.77.131 - - [16/Jul/2026:12:18:24 +0000] "GET /robots.txt HTTP/1.1" 200 97 "-" "Mozilla/5.0 (compatible; Googlebot/2.1; +http://www.google.com/bot.html)"
45.131.194.116 - - [16/Jul/2026:12:26:54 +0000] "POST /wp-login.php HTTP/1.1" 200 2157 "-" "Mozilla/5.0 (Linux; Android 10; K) AppleWebKit/537.36 (KHTML, like Gecko) Chrome/123.0.0.0 Mobile Safari/537.36 [ip:79.13.96.225]"
45.146.54.93 - - [16/Jul/2026:12:31:26 +0000] "POST /wp-login.php HTTP/1.1" 200 1909 "-" "firefox|Mozilla/5.0 (Linux; Linux i554 ) Gecko/20130401 Firefox/62.9"
114.119.140.179 - - [16/Jul/2026:12:31:53 +0000] "GET / HTTP/1.1" 200 12216 "https://customassignment.us/2024/04/24/hello-world" "Mozilla/5.0 (Linux; Android 7.0;) AppleWebKit/537.36 (HTML, like Gecko) Mobile Safari/537.36 (compatible; PetalBot;+https://webmaster.petalsearch.com/site/petalbot)"
216.73.163.117 - - [16/Jul/2026:12:41:51 +0000] "POST /wp-login.php HTTP/1.1" 200 1907 "-" "Mozilla/5.0 (iPhone; CPU iPhone OS 16_3_1 like Mac OS X) AppleWebKit/605.1.15 (KHTML, like Gecko) Mobile/15E148 [FBAN/FBIOS;FBDV/iPhone14,6;FBMD/iPhone;FBSN/iOS;FBSV/16.3.1;FBSS/2;FBID/phone;FBLC/nb_NO;FBOP/5;FBCR/]"
216.244.66.232 - - [16/Jul/2026:12:45:06 +0000] "GET /robots.txt HTTP/1.1" 200 97 "-" "Mozilla/5.0 (compatible; DotBot/1.2; +https://opensiteexplorer.org/dotbot; help@moz.com)"
216.244.66.232 - - [16/Jul/2026:12:47:58 +0000] "GET /2-3-pages-case-study-computer-science-homework-help/feed/ HTTP/1.1" 200 411 "-" "Mozilla/5.0 (compatible; DotBot/1.2; +https://opensiteexplorer.org/dotbot; help@moz.com)"
216.244.66.232 - - [16/Jul/2026:12:48:04 +0000] "GET /acct614-u3ip-acct614-applied-managerial-accounting-colorado-technical-university/feed/ HTTP/1.1" 200 432 "-" "Mozilla/5.0 (compatible; DotBot/1.2; +https://opensiteexplorer.org/dotbot; help@moz.com)"
216.244.66.232 - - [16/Jul/2026:12:48:08 +0000] "GET /aging-process-nursing-homework-help/feed/ HTTP/1.1" 200 398 "-" "Mozilla/5.0 (compatible; DotBot/1.2; +https://opensiteexplorer.org/dotbot; help@moz.com)"
216.244.66.232 - - [16/Jul/2026:12:48:12 +0000] "GET /bmgt-364-project-2-correction/feed/ HTTP/1.1" 200 397 "-" "Mozilla/5.0 (compatible; DotBot/1.2; +https://opensiteexplorer.org/dotbot; help@moz.com)"
216.244.66.232 - - [16/Jul/2026:12:48:18 +0000] "GET /project-management-000000-information-technology-prince-georges-community-college/feed/ HTTP/1.1" 200 418 "-" "Mozilla/5.0 (compatible; DotBot/1.2; +https://opensiteexplorer.org/dotbot; help@moz.com)"
216.244.66.232 - - [16/Jul/2026:12:48:26 +0000] "GET /ps300-unit9assignmenrt-ps300-indiana-university-purdue-university-at-indianapolis/feed/ HTTP/1.1" 200 418 "-" "Mozilla/5.0 (compatible; DotBot/1.2; +https://opensiteexplorer.org/dotbot; help@moz.com)"
216.244.66.232 - - [16/Jul/2026:12:48:33 +0000] "GET /solution-bus-driver-terminated-for-facebook-photo-discussion/feed/ HTTP/1.1" 200 416 "-" "Mozilla/5.0 (compatible; DotBot/1.2; +https://opensiteexplorer.org/dotbot; help@moz.com)"
216.244.66.232 - - [16/Jul/2026:12:48:38 +0000] "GET /solution-ecom-101-saudi-electronic-university-faces-saudi-arabia-case-study/feed/ HTTP/1.1" 200 426 "-" "Mozilla/5.0 (compatible; DotBot/1.2; +https://opensiteexplorer.org/dotbot; help@moz.com)"
216.244.66.232 - - [16/Jul/2026:12:48:43 +0000] "GET /solution-hubble-project-case-study/feed/ HTTP/1.1" 200 395 "-" "Mozilla/5.0 (compatible; DotBot/1.2; +https://opensiteexplorer.org/dotbot; help@moz.com)"
216.244.66.232 - - [16/Jul/2026:12:48:47 +0000] "GET /solution-introduction-to-international-business-mgt-321/feed/ HTTP/1.1" 200 402 "-" "Mozilla/5.0 (compatible; DotBot/1.2; +https://opensiteexplorer.org/dotbot; help@moz.com)"
216.244.66.232 - - [16/Jul/2026:12:48:50 +0000] "GET /solution-mgt-322-saudi-electronic-university-agile-and-lean-supply-chain-questions/feed/ HTTP/1.1" 200 427 "-" "Mozilla/5.0 (compatible; DotBot/1.2; +https://opensiteexplorer.org/dotbot; help@moz.com)"
216.244.66.232 - - [16/Jul/2026:12:48:53 +0000] "GET /solution-mgt-323-seu-ptham-luang-cave-rescue-case-study/feed/ HTTP/1.1" 200 413 "-" "Mozilla/5.0 (compatible; DotBot/1.2; +https://opensiteexplorer.org/dotbot; help@moz.com)"
216.244.66.232 - - [16/Jul/2026:12:49:10 +0000] "GET /solution-william-rainey-harper-college-information-systems-discussion/feed/ HTTP/1.1" 200 415 "-" "Mozilla/5.0 (compatible; DotBot/1.2; +https://opensiteexplorer.org/dotbot; help@moz.com)"
216.244.66.232 - - [16/Jul/2026:12:49:14 +0000] "GET /using-excel-prepare-a-classified-balance-sheet-and-multistep-income-statement-using-the-adjusted-trial-balance-for-abc-corporation-as-of-and-for-the-year-ended-december-31-2010/feed/ HTTP/1.1" 200 488 "-" "Mozilla/5.0 (compatible; DotBot/1.2; +https://opensiteexplorer.org/dotbot; help@moz.com)"
216.244.66.232 - - [16/Jul/2026:12:49:18 +0000] "GET /tag/000-and-20/feed/ HTTP/1.1" 200 444 "-" "Mozilla/5.0 (compatible; DotBot/1.2; +https://opensiteexplorer.org/dotbot; help@moz.com)"
216.244.66.232 - - [16/Jul/2026:12:49:23 +0000] "GET /tag/dissertations-can-be-credible-sources-in-certain-situations-generally-speaking/feed/ HTTP/1.1" 200 480 "-" "Mozilla/5.0 (compatible; DotBot/1.2; +https://opensiteexplorer.org/dotbot; help@moz.com)"
216.244.66.232 - - [16/Jul/2026:12:49:27 +0000] "GET /tag/revolutionizing-the-way-we-work/feed/ HTTP/1.1" 200 456 "-" "Mozilla/5.0 (compatible; DotBot/1.2; +https://opensiteexplorer.org/dotbot; help@moz.com)"
205.185.117.197 - - [16/Jul/2026:12:52:10 +0000] "GET /wp-login.php HTTP/1.1" 200 1794 "-" "Mozilla/5.0 (Macintosh; Intel Mac OS X 10.7; rv:31.0) Gecko/20100101 Firefox/31.0"
205.185.117.197 - - [16/Jul/2026:12:52:15 +0000] "POST /wp-login.php HTTP/1.1" 200 1919 "-" "Mozilla/5.0 (Macintosh; Intel Mac OS X 10.7; rv:31.0) Gecko/20100101 Firefox/31.0"
2a04:4e40:e000:0:463:f62a:1bcb:c589 - - [16/Jul/2026:12:57:43 +0000] "GET /.git/config HTTP/1.1" 403 1242 "-" "Mozilla/5.0 (Windows NT 10.0; Win64; x64) AppleWebKit/537.36 (KHTML, like Gecko) Chrome/125.0.0.0 Safari/537.36"
2a04:4e40:e000:0:463:f62a:1bcb:c589 - - [16/Jul/2026:12:57:43 +0000] "GET /.git/HEAD HTTP/1.1" 403 1242 "-" "Mozilla/5.0 (Windows NT 10.0; Win64; x64) AppleWebKit/537.36 (KHTML, like Gecko) Chrome/125.0.0.0 Safari/537.36"
2a03:2880:f800:20:: - - [16/Jul/2026:12:59:16 +0000] "GET /wp-sitemap-taxonomies-category-1.xml HTTP/1.1" 200 164 "-" "Mozilla/5.0 (Windows NT 10.0; Win64; x64) AppleWebKit/537.36 (KHTML, like Gecko) Chrome/145.0.0.0 Safari/537.36 (compatible; meta-externalagent/1.1 (+https://developers.facebook.com/docs/sharing/webmasters/crawler))"
192.250.239.59 - - [16/Jul/2026:13:13:40 +0000] "POST /wp-cron.php?doing_wp_cron=1784207620.6535160541534423828125 HTTP/1.1" 200 0 "-" "WordPress/6.9; https://customassignment.us"
45.146.54.93 - - [16/Jul/2026:13:13:40 +0000] "POST /wp-login.php HTTP/1.1" 200 2157 "-" "mac|Mozilla/5.0 (Macintosh; Intel Mac OS X 10_9_4; en-US) AppleWebKit/535.1 (KHTML, like Gecko) Chrome/52.0.2887.159 Safari/602"
216.73.163.120 - - [16/Jul/2026:13:16:29 +0000] "POST /wp-login.php HTTP/1.1" 200 1907 "-" "Mozilla/5.0 (Linux; Android 8.0.0; LG-F700S) AppleWebKit/537.36 (KHTML, like Gecko) Chrome/89.0.4389.105 Mobile Safari/537.36"
216.73.163.11 - - [16/Jul/2026:13:18:07 +0000] "POST /wp-login.php HTTP/1.1" 200 1909 "-" "chrome|Mozilla/5.0 (Macintosh; U; Intel Mac OS X 8_4_2; en-US) AppleWebKit/534.21 (KHTML, like Gecko) Chrome/48.0.1395.313 Safari/601"
2a03:2880:f800:f:: - - [16/Jul/2026:13:26:22 +0000] "GET / HTTP/1.1" 200 12216 "-" "Mozilla/5.0 (Windows NT 10.0; Win64; x64) AppleWebKit/537.36 (KHTML, like Gecko) Chrome/145.0.0.0 Safari/537.36 (compatible; meta-externalagent/1.1 (+https://developers.facebook.com/docs/sharing/webmasters/crawler))"
216.244.66.232 - - [16/Jul/2026:13:35:10 +0000] "GET /plate-tectonics-lab-assignment-after-reading-the-introduction-to/feed/ HTTP/1.1" 200 411 "-" "Mozilla/5.0 (compatible; DotBot/1.2; +https://opensiteexplorer.org/dotbot; help@moz.com)"
216.244.66.232 - - [16/Jul/2026:13:35:18 +0000] "GET /solution-california-state-university-principled-negotiations-analysis/feed/ HTTP/1.1" 200 416 "-" "Mozilla/5.0 (compatible; DotBot/1.2; +https://opensiteexplorer.org/dotbot; help@moz.com)"
216.244.66.232 - - [16/Jul/2026:13:35:25 +0000] "GET /solution-ecom-201-saudi-electronic-university-management-worksheet/feed/ HTTP/1.1" 200 416 "-" "Mozilla/5.0 (compatible; DotBot/1.2; +https://opensiteexplorer.org/dotbot; help@moz.com)"
216.244.66.232 - - [16/Jul/2026:13:35:31 +0000] "GET /solution-tips-for-starting-back-up-after-a-pandemic-crisis-essay/feed/ HTTP/1.1" 200 417 "-" "Mozilla/5.0 (compatible; DotBot/1.2; +https://opensiteexplorer.org/dotbot; help@moz.com)"
216.244.66.232 - - [16/Jul/2026:13:35:36 +0000] "GET /the-future-of-collaboration-tools-and-its-use-in-remote-work/feed/ HTTP/1.1" 200 417 "-" "Mozilla/5.0 (compatible; DotBot/1.2; +https://opensiteexplorer.org/dotbot; help@moz.com)"
216.244.66.232 - - [16/Jul/2026:13:35:40 +0000] "GET /week-2-assignment-operations-management-homework-help/feed/ HTTP/1.1" 200 398 "-" "Mozilla/5.0 (compatible; DotBot/1.2; +https://opensiteexplorer.org/dotbot; help@moz.com)"
216.244.66.232 - - [16/Jul/2026:13:35:43 +0000] "GET /week-5-practice-labs-course-project-part-2-using-lists-and-cis261-strayer-university/feed/ HTTP/1.1" 200 434 "-" "Mozilla/5.0 (compatible; DotBot/1.2; +https://opensiteexplorer.org/dotbot; help@moz.com)"
216.244.66.232 - - [16/Jul/2026:13:35:54 +0000] "GET /tag/essay-writing-services-offer-a-wide-range-of-benefits-to-students/feed/ HTTP/1.1" 200 472 "-" "Mozilla/5.0 (compatible; DotBot/1.2; +https://opensiteexplorer.org/dotbot; help@moz.com)"
216.73.216.82 - - [16/Jul/2026:13:41:19 +0000] "GET /wp-sitemap.xml HTTP/1.1" 200 193 "-" "Mozilla/5.0 AppleWebKit/537.36 (KHTML, like Gecko; compatible; ClaudeBot/1.0; +claudebot@anthropic.com)"
216.73.163.149 - - [16/Jul/2026:13:52:18 +0000] "POST /wp-login.php HTTP/1.1" 200 1907 "-" "Mozilla/5.0 (X11; Linux x86_64) AppleWebKit/537.36 (KHTML, like Gecko) Chrome/85.0.4181.8 Safari/537.36"
45.146.54.93 - - [16/Jul/2026:13:59:51 +0000] "POST /wp-login.php HTTP/1.1" 200 2157 "-" "Dalvik/1.6.0 (Linux; U; Android 4.4.2; D2502 Build/19.2.A.0.391)"
216.73.163.10 - - [16/Jul/2026:14:04:24 +0000] "POST /wp-login.php HTTP/1.1" 200 1909 "-" "firefox|Mozilla/5.0 (Linux; Linux i551 ; en-US) Gecko/20130401 Firefox/70.5"
109.199.118.117 - - [16/Jul/2026:14:10:45 +0000] "GET /wp-includes/js/ HTTP/1.1" 403 1242 "-" "Mozilla/5.0 (Windows NT 10.0; Win64; x64) AppleWebKit/537.36 (KHTML, like Gecko) Chrome/120.0.0.0 Safari/537.36"
109.199.118.117 - - [16/Jul/2026:14:11:51 +0000] "GET /wp-content/upgrade/ HTTP/1.1" 403 1242 "-" "Mozilla/5.0 (Windows NT 10.0; Win64; x64) AppleWebKit/537.36 (KHTML, like Gecko) Chrome/120.0.0.0 Safari/537.36"
192.250.239.59 - - [16/Jul/2026:14:12:26 +0000] "POST /wp-cron.php?doing_wp_cron=1784211146.8176279067993164062500 HTTP/1.1" 200 0 "-" "WordPress/6.9; https://customassignment.us"
109.199.118.117 - - [16/Jul/2026:14:12:26 +0000] "GET /uploads/ HTTP/1.1" 404 5725 "-" "Mozilla/5.0 (Windows NT 10.0; Win64; x64) AppleWebKit/537.36 (KHTML, like Gecko) Chrome/120.0.0.0 Safari/537.36"
216.244.66.232 - - [16/Jul/2026:14:21:06 +0000] "GET /1-for-carrier-oklahoma-what-is-the-approximate-time-of-the-arrival/feed/ HTTP/1.1" 200 421 "-" "Mozilla/5.0 (compatible; DotBot/1.2; +https://opensiteexplorer.org/dotbot; help@moz.com)"
216.244.66.232 - - [16/Jul/2026:14:21:11 +0000] "GET /6-3-assignment-organizational-structures-accounting-homework-help/feed/ HTTP/1.1" 200 413 "-" "Mozilla/5.0 (compatible; DotBot/1.2; +https://opensiteexplorer.org/dotbot; help@moz.com)"
216.244.66.232 - - [16/Jul/2026:14:21:15 +0000] "GET /imagine-you-have-been-asked-to-create-a-team-at-work-to-meet-a/feed/ HTTP/1.1" 200 419 "-" "Mozilla/5.0 (compatible; DotBot/1.2; +https://opensiteexplorer.org/dotbot; help@moz.com)"
216.244.66.232 - - [16/Jul/2026:14:21:19 +0000] "GET /nurs-6521-final-exam-3-versions-nurs-6521-midterm-exam-3/feed/ HTTP/1.1" 200 402 "-" "Mozilla/5.0 (compatible; DotBot/1.2; +https://opensiteexplorer.org/dotbot; help@moz.com)"
216.244.66.232 - - [16/Jul/2026:14:21:23 +0000] "GET /solution-american-eagle-outfitters-final-strategic-plan-and-presentation/feed/ HTTP/1.1" 200 418 "-" "Mozilla/5.0 (compatible; DotBot/1.2; +https://opensiteexplorer.org/dotbot; help@moz.com)"
216.244.66.232 - - [16/Jul/2026:14:21:27 +0000] "GET /solution-comfy-hotel-swot-analysis-discussion-paper/feed/ HTTP/1.1" 200 410 "-" "Mozilla/5.0 (compatible; DotBot/1.2; +https://opensiteexplorer.org/dotbot; help@moz.com)"
216.244.66.232 - - [16/Jul/2026:14:21:31 +0000] "GET /solution-hres-1101-bow-valley-college-high-power-distance-and-high-collectivism-questions/feed/ HTTP/1.1" 200 436 "-" "Mozilla/5.0 (compatible; DotBot/1.2; +https://opensiteexplorer.org/dotbot; help@moz.com)"
216.244.66.232 - - [16/Jul/2026:14:21:34 +0000] "GET /solution-mgt-301-seu-the-resource-based-view-in-sports-case-discussion/feed/ HTTP/1.1" 200 423 "-" "Mozilla/5.0 (compatible; DotBot/1.2; +https://opensiteexplorer.org/dotbot; help@moz.com)"
216.244.66.232 - - [16/Jul/2026:14:21:36 +0000] "GET /solution-mgt-323-saudi-electronic-university-post-graduation-adventure-case-study/feed/ HTTP/1.1" 200 430 "-" "Mozilla/5.0 (compatible; DotBot/1.2; +https://opensiteexplorer.org/dotbot; help@moz.com)"
216.244.66.232 - - [16/Jul/2026:14:21:39 +0000] "GET /solution-mgt-323-seu-the-hokies-lunch-group-case-study-questions/feed/ HTTP/1.1" 200 420 "-" "Mozilla/5.0 (compatible; DotBot/1.2; +https://opensiteexplorer.org/dotbot; help@moz.com)"
216.244.66.232 - - [16/Jul/2026:14:21:40 +0000] "GET /solution-rasmussen-college-assessing-and-managing-risk-discussion/feed/ HTTP/1.1" 200 418 "-" "Mozilla/5.0 (compatible; DotBot/1.2; +https://opensiteexplorer.org/dotbot; help@moz.com)"
216.244.66.232 - - [16/Jul/2026:14:21:42 +0000] "GET /solution-university-of-california-irvine-business-projects-worksheet/feed/ HTTP/1.1" 200 417 "-" "Mozilla/5.0 (compatible; DotBot/1.2; +https://opensiteexplorer.org/dotbot; help@moz.com)"
216.244.66.232 - - [16/Jul/2026:14:21:43 +0000] "GET /solution-work-breakdown-structures-discussion/feed/ HTTP/1.1" 200 401 "-" "Mozilla/5.0 (compatible; DotBot/1.2; +https://opensiteexplorer.org/dotbot; help@moz.com)"
216.244.66.232 - - [16/Jul/2026:14:21:50 +0000] "GET /category/management-homework-help/feed/ HTTP/1.1" 200 445 "-" "Mozilla/5.0 (compatible; DotBot/1.2; +https://opensiteexplorer.org/dotbot; help@moz.com)"
216.244.66.232 - - [16/Jul/2026:14:21:51 +0000] "GET /tag/dissertations-are-published-many-institutions-and-universities-offer-dissertation-publishing-services-that-will-help-authors-publish-their-work-in-various-formats-ebooks/feed/ HTTP/1.1" 200 520 "-" "Mozilla/5.0 (compatible; DotBot/1.2; +https://opensiteexplorer.org/dotbot; help@moz.com)"
216.244.66.232 - - [16/Jul/2026:14:21:52 +0000] "GET /tag/many-schools-may-require-earlier-submission-dates-based-upon-expected-course-load-or-other-factors/feed/ HTTP/1.1" 200 497 "-" "Mozilla/5.0 (compatible; DotBot/1.2; +https://opensiteexplorer.org/dotbot; help@moz.com)"
216.244.66.232 - - [16/Jul/2026:14:21:53 +0000] "GET /tag/the-answer-to-this-question-largely-depends-on-who-is-reading-the-dissertation-and-in-what-context-generally-speaking/feed/ HTTP/1.1" 200 501 "-" "Mozilla/5.0 (compatible; DotBot/1.2; +https://opensiteexplorer.org/dotbot; help@moz.com)"
216.73.163.157 - - [16/Jul/2026:14:29:01 +0000] "POST /wp-login.php HTTP/1.1" 200 1907 "-" "Mozilla/5.0 (X11; U; Linux i686; de; rv:1.9.2.12) Gecko/20101027 Fedora/3.6.12-1.fc13 Firefox/3.6.12"
144.76.32.238 - - [16/Jul/2026:14:35:35 +0000] "GET /robots.txt HTTP/1.1" 200 97 "-" "Mozilla/5.0 (compatible; SERankingBacklinksBot/1.0; +https://seranking.com/backlinks-crawler)"
144.76.32.238 - - [16/Jul/2026:14:35:35 +0000] "GET /wp-sitemap-users-1.xml HTTP/1.1" 200 161 "-" "Mozilla/5.0 (compatible; SERankingBacklinksBot/1.0; +https://seranking.com/backlinks-crawler)"
144.76.32.238 - - [16/Jul/2026:14:37:36 +0000] "GET /wp-sitemap-posts-page-1.xml HTTP/1.1" 200 201 "-" "Mozilla/5.0 (compatible; SERankingBacklinksBot/1.0; +https://seranking.com/backlinks-crawler)"
144.76.32.238 - - [16/Jul/2026:14:39:39 +0000] "GET /wp-sitemap-posts-post-1.xml HTTP/1.1" 200 202 "-" "Mozilla/5.0 (compatible; SERankingBacklinksBot/1.0; +https://seranking.com/backlinks-crawler)"
144.76.32.238 - - [16/Jul/2026:14:41:43 +0000] "GET /wp-sitemap-taxonomies-category-1.xml HTTP/1.1" 200 164 "-" "Mozilla/5.0 (compatible; SERankingBacklinksBot/1.0; +https://seranking.com/backlinks-crawler)"
144.76.32.238 - - [16/Jul/2026:14:43:49 +0000] "GET /dashboard/authorization/ HTTP/1.1" 200 1182 "-" "Mozilla/5.0 (compatible; SERankingBacklinksBot/1.0; +https://seranking.com/backlinks-crawler)"
216.73.163.16 - - [16/Jul/2026:14:46:32 +0000] "POST /wp-login.php HTTP/1.1" 200 2157 "-" "explorer|Mozilla/5.0 (compatible; MSIE 10.0; Windows; U; Windows NT 6.2; WOW64 Trident/6.0)"
183.61.117.240 - - [16/Jul/2026:15:00:24 +0000] "GET /robots.txt HTTP/1.1" 200 97 "-" "Mozilla/5.0 (Windows NT 10.0; WOW64) AppleWebKit/537.36 (KHTML, like Gecko) Chrome/52.0.4106.158 Safari/537.36 LBBROWSER"
216.73.163.160 - - [16/Jul/2026:15:05:25 +0000] "POST /wp-login.php HTTP/1.1" 200 1907 "-" "Mozilla/5.0 (Linux; Android 12; Redmi Note 9S) AppleWebKit/537.36 (KHTML, like Gecko) Chrome/103.0.0.0 Mobile Safari/537.36 [ip:151.35.156.219]"
216.244.66.232 - - [16/Jul/2026:15:06:08 +0000] "GET /robots.txt HTTP/1.1" 200 97 "-" "Mozilla/5.0 (compatible; DotBot/1.2; +https://opensiteexplorer.org/dotbot; help@moz.com)"
216.244.66.232 - - [16/Jul/2026:15:08:13 +0000] "GET /dara-simmons-a-40-year-old-financial-analyst-and-divorced-mother-of/feed/ HTTP/1.1" 200 419 "-" "Mozilla/5.0 (compatible; DotBot/1.2; +https://opensiteexplorer.org/dotbot; help@moz.com)"
216.244.66.232 - - [16/Jul/2026:15:08:17 +0000] "GET /engl-102-test-3-english-homework-help/feed/ HTTP/1.1" 200 400 "-" "Mozilla/5.0 (compatible; DotBot/1.2; +https://opensiteexplorer.org/dotbot; help@moz.com)"
216.244.66.232 - - [16/Jul/2026:15:08:20 +0000] "GET /his-5-2-1-discussion-research-plan-4-7-19/feed/ HTTP/1.1" 200 403 "-" "Mozilla/5.0 (compatible; DotBot/1.2; +https://opensiteexplorer.org/dotbot; help@moz.com)"
216.244.66.232 - - [16/Jul/2026:15:08:23 +0000] "GET /ipo-puzzles-business-finance-homework-help/feed/ HTTP/1.1" 200 400 "-" "Mozilla/5.0 (compatible; DotBot/1.2; +https://opensiteexplorer.org/dotbot; help@moz.com)"
216.244.66.232 - - [16/Jul/2026:15:08:26 +0000] "GET /nur-370-practicum-step-4-nursing/feed/ HTTP/1.1" 200 398 "-" "Mozilla/5.0 (compatible; DotBot/1.2; +https://opensiteexplorer.org/dotbot; help@moz.com)"
216.244.66.232 - - [16/Jul/2026:15:08:28 +0000] "GET /persuasive-worksheet-homi-500-homi-500-preparation-of-the-sermon-liberty-university/feed/ HTTP/1.1" 200 426 "-" "Mozilla/5.0 (compatible; DotBot/1.2; +https://opensiteexplorer.org/dotbot; help@moz.com)"
216.244.66.232 - - [16/Jul/2026:15:08:30 +0000] "GET /psychology-discussion-when-i-think-of-drug-related-violence-i/feed/ HTTP/1.1" 200 414 "-" "Mozilla/5.0 (compatible; DotBot/1.2; +https://opensiteexplorer.org/dotbot; help@moz.com)"
216.244.66.232 - - [16/Jul/2026:15:08:31 +0000] "GET /solution-auburn-university-main-campus-foreign-markets-discussion/feed/ HTTP/1.1" 200 421 "-" "Mozilla/5.0 (compatible; DotBot/1.2; +https://opensiteexplorer.org/dotbot; help@moz.com)"
216.244.66.232 - - [16/Jul/2026:15:08:33 +0000] "GET /solution-mgt-321-seu-swot-venezuela-under-hugo-chavez-and-beyond-case-study/feed/ HTTP/1.1" 200 427 "-" "Mozilla/5.0 (compatible; DotBot/1.2; +https://opensiteexplorer.org/dotbot; help@moz.com)"
216.244.66.232 - - [16/Jul/2026:15:08:34 +0000] "GET /solution-saudi-electronic-university-globalization-and-decision-making-essay/feed/ HTTP/1.1" 200 418 "-" "Mozilla/5.0 (compatible; DotBot/1.2; +https://opensiteexplorer.org/dotbot; help@moz.com)"
216.244.66.232 - - [16/Jul/2026:15:08:35 +0000] "GET /work-breakdown-and-planning-assignment/feed/ HTTP/1.1" 200 394 "-" "Mozilla/5.0 (compatible; DotBot/1.2; +https://opensiteexplorer.org/dotbot; help@moz.com)"
20.220.9.199 - - [16/Jul/2026:15:08:35 +0000] "GET /wp-admin/network/plugins.php HTTP/1.1" 302 0 "-" "-"
20.220.9.199 - - [16/Jul/2026:15:08:36 +0000] "GET /wp-login.php?redirect_to=https%3A%2F%2Fwww.customassignment.us.assignmenttutors.net%2Fwp-admin%2Fnetwork%2Fplugins.php&reauth=1 HTTP/1.1" 200 1809 "-" "-"
114.119.141.18 - - [16/Jul/2026:15:08:38 +0000] "GET /robots.txt HTTP/1.1" 200 97 "https://customassignment.us/robots.txt" "Mozilla/5.0 (compatible;PetalBot;+https://webmaster.petalsearch.com/site/petalbot)"
216.244.66.232 - - [16/Jul/2026:15:08:59 +0000] "GET /tag/a-dissertation-is-a-lengthy-written-document-that-presents-the-authors-research-and-findings-regarding-a-particular-topic-it-typically-includes-an-introduction/feed/ HTTP/1.1" 200 514 "-" "Mozilla/5.0 (compatible; DotBot/1.2; +https://opensiteexplorer.org/dotbot; help@moz.com)"
192.250.239.59 - - [16/Jul/2026:15:19:49 +0000] "POST /wp-cron.php?doing_wp_cron=1784215189.0543260574340820312500 HTTP/1.1" 200 0 "-" "WordPress/6.9; https://customassignment.us"
45.61.185.216 - - [16/Jul/2026:15:19:48 +0000] "GET /wp-login.php HTTP/1.1" 200 1794 "-" "Mozilla/5.0 (Macintosh; Intel Mac OS X 10_15_7) AppleWebKit/537.36 (KHTML, like Gecko) Chrome/146.0.0.0 Safari/537.36"
45.61.185.216 - - [16/Jul/2026:15:19:53 +0000] "POST /wp-login.php HTTP/1.1" 200 1919 "-" "Mozilla/5.0 (Macintosh; Intel Mac OS X 10_15_7) AppleWebKit/537.36 (KHTML, like Gecko) Chrome/146.0.0.0 Safari/537.36"
216.73.163.21 - - [16/Jul/2026:15:33:46 +0000] "POST /wp-login.php HTTP/1.1" 200 2157 "-" "Mozilla/5.0 (Windows; U; Windows NT 5.1; hu; rv:1.9.2.20) Gecko/20110803 Firefox/3.6.20 (.NET CLR 3.5.30729)"
45.146.54.93 - - [16/Jul/2026:15:38:15 +0000] "POST /wp-login.php HTTP/1.1" 200 1909 "-" "firefox|Mozilla/5.0 (U; Linux i672 x86_64; en-US) Gecko/20100101 Firefox/47.2"
103.75.185.95 - - [16/Jul/2026:15:41:09 +0000] "GET /wp-login.php HTTP/1.1" 200 1794 "-" "Mozilla/5.0 (Macintosh; Intel Mac OS X 10_15_7) AppleWebKit/537.36 (KHTML, like Gecko) Chrome/144.0.0.0 Safari/537.36"
97.74.93.24 - - [16/Jul/2026:15:41:09 +0000] "GET /wp-login.php HTTP/1.1" 200 1794 "-" "Mozilla/5.0 (iPhone; CPU iPhone OS 18_0 like Mac OS X) AppleWebKit/605.1.15 (KHTML, like Gecko) CriOS/146.0.6917.0 Mobile/15E148 Safari/604.1"
97.74.93.24 - - [16/Jul/2026:15:41:10 +0000] "POST /wp-login.php HTTP/1.1" 200 1899 "https://customassignment.us/wp-login.php" "Mozilla/5.0 (iPhone; CPU iPhone OS 18_0 like Mac OS X) AppleWebKit/605.1.15 (KHTML, like Gecko) CriOS/146.0.6917.0 Mobile/15E148 Safari/604.1"
103.75.185.95 - - [16/Jul/2026:15:41:10 +0000] "POST /wp-login.php HTTP/1.1" 200 1899 "https://customassignment.us/wp-login.php" "Mozilla/5.0 (Macintosh; Intel Mac OS X 10_15_7) AppleWebKit/537.36 (KHTML, like Gecko) Chrome/144.0.0.0 Safari/537.36"
45.131.194.122 - - [16/Jul/2026:15:41:11 +0000] "POST /wp-login.php HTTP/1.1" 200 1907 "-" "Mozilla/5.0 (Linux; Android 11; moto g(20) Build/RTAS31.68-66-3; wv) AppleWebKit/537.36 (KHTML, like Gecko) Version/4.0 Chrome/123.0.6312.100 Mobile Safari/537.36 Instagram 326.0.0.42.90 Android (30/11; 280dpi; 720x1466; motorola; moto g(20); java; ums512_1h10; pt_BR; 586181558)"
216.73.216.82 - - [16/Jul/2026:15:43:38 +0000] "GET /robots.txt HTTP/1.1" 200 97 "-" "Mozilla/5.0 AppleWebKit/537.36 (KHTML, like Gecko; compatible; ClaudeBot/1.0; +claudebot@anthropic.com)"
216.73.216.82 - - [16/Jul/2026:15:43:40 +0000] "GET /wp-sitemap.xml HTTP/1.1" 200 193 "-" "Mozilla/5.0 AppleWebKit/537.36 (KHTML, like Gecko; compatible; ClaudeBot/1.0; +claudebot@anthropic.com)"
72.167.132.114 - - [16/Jul/2026:15:50:53 +0000] "GET /wp-login.php HTTP/1.1" 200 1794 "-" "Mozilla/5.0 (iPhone; CPU iPhone OS 26_4_2 like Mac OS X) AppleWebKit/605.1.15 (KHTML, like Gecko) CriOS/148.0.7778.47 Mobile/15E148 Safari/604.1"
72.167.132.114 - - [16/Jul/2026:15:50:55 +0000] "POST /wp-login.php HTTP/1.1" 200 1899 "https://customassignment.us/wp-login.php" "Mozilla/5.0 (iPhone; CPU iPhone OS 26_4_2 like Mac OS X) AppleWebKit/605.1.15 (KHTML, like Gecko) CriOS/148.0.7778.47 Mobile/15E148 Safari/604.1"
154.120.133.86 - - [16/Jul/2026:15:51:06 +0000] "GET /wp-login.php HTTP/1.1" 200 1794 "-" "Mozilla/5.0 (X11; Linux x86_64) AppleWebKit/537.36 (KHTML, like Gecko) Chrome/146.0.0.0 Safari/537.36"
216.244.66.232 - - [16/Jul/2026:15:55:28 +0000] "GET /analyzing-cultural-relevance-in-instruction-2page/feed/ HTTP/1.1" 200 404 "-" "Mozilla/5.0 (compatible; DotBot/1.2; +https://opensiteexplorer.org/dotbot; help@moz.com)"
216.244.66.232 - - [16/Jul/2026:15:55:38 +0000] "GET /appraise-costing-and-financial-strategies/feed/ HTTP/1.1" 200 401 "-" "Mozilla/5.0 (compatible; DotBot/1.2; +https://opensiteexplorer.org/dotbot; help@moz.com)"
216.244.66.232 - - [16/Jul/2026:15:55:59 +0000] "GET /bus-475-quiz-3-science-homework-help/feed/ HTTP/1.1" 200 404 "-" "Mozilla/5.0 (compatible; DotBot/1.2; +https://opensiteexplorer.org/dotbot; help@moz.com)"
216.244.66.232 - - [16/Jul/2026:15:56:19 +0000] "GET /critical-appraisal-of-jean-watsons-theory-of-human-caring-2/feed/ HTTP/1.1" 200 417 "-" "Mozilla/5.0 (compatible; DotBot/1.2; +https://opensiteexplorer.org/dotbot; help@moz.com)"
216.244.66.232 - - [16/Jul/2026:15:56:37 +0000] "GET /discussion-thread-health-care-finance-and-economics/feed/ HTTP/1.1" 200 408 "-" "Mozilla/5.0 (compatible; DotBot/1.2; +https://opensiteexplorer.org/dotbot; help@moz.com)"
216.244.66.232 - - [16/Jul/2026:15:56:55 +0000] "GET /gantt-chart-course-long-project-wedding-planning-see-attachments/feed/ HTTP/1.1" 200 414 "-" "Mozilla/5.0 (compatible; DotBot/1.2; +https://opensiteexplorer.org/dotbot; help@moz.com)"
216.244.66.232 - - [16/Jul/2026:15:57:11 +0000] "GET /lab-5-weather-and-climate-change/feed/ HTTP/1.1" 200 398 "-" "Mozilla/5.0 (compatible; DotBot/1.2; +https://opensiteexplorer.org/dotbot; help@moz.com)"
216.244.66.232 - - [16/Jul/2026:15:57:27 +0000] "GET /solution-bethel-university-managing-information-systems-surveillance-technology-questions/feed/ HTTP/1.1" 200 427 "-" "Mozilla/5.0 (compatible; DotBot/1.2; +https://opensiteexplorer.org/dotbot; help@moz.com)"
216.244.66.232 - - [16/Jul/2026:15:57:42 +0000] "GET /solution-eku-practices-manual-for-new-lieutenants-essay/feed/ HTTP/1.1" 200 405 "-" "Mozilla/5.0 (compatible; DotBot/1.2; +https://opensiteexplorer.org/dotbot; help@moz.com)"
216.244.66.232 - - [16/Jul/2026:15:57:56 +0000] "GET /solution-mgt-323-saudi-electronic-university-project-management-worksheet/feed/ HTTP/1.1" 200 419 "-" "Mozilla/5.0 (compatible; DotBot/1.2; +https://opensiteexplorer.org/dotbot; help@moz.com)"
216.244.66.232 - - [16/Jul/2026:15:58:08 +0000] "GET /solution-mgt-403-saudi-electronic-university-explicit-knowledge-codification-questions/feed/ HTTP/1.1" 200 427 "-" "Mozilla/5.0 (compatible; DotBot/1.2; +https://opensiteexplorer.org/dotbot; help@moz.com)"
216.244.66.232 - - [16/Jul/2026:15:58:23 +0000] "GET /solution-pcc-ethical-issues-discussion/feed/ HTTP/1.1" 200 398 "-" "Mozilla/5.0 (compatible; DotBot/1.2; +https://opensiteexplorer.org/dotbot; help@moz.com)"
216.244.66.232 - - [16/Jul/2026:15:58:34 +0000] "GET /solution-saudi-electronic-university-interactive-strategic-management-questions/feed/ HTTP/1.1" 200 422 "-" "Mozilla/5.0 (compatible; DotBot/1.2; +https://opensiteexplorer.org/dotbot; help@moz.com)"
216.244.66.232 - - [16/Jul/2026:15:58:43 +0000] "GET /solution-swot-mini-case-discussion/feed/ HTTP/1.1" 200 396 "-" "Mozilla/5.0 (compatible; DotBot/1.2; +https://opensiteexplorer.org/dotbot; help@moz.com)"
216.244.66.232 - - [16/Jul/2026:15:58:52 +0000] "GET /statistics-homework-mathematics-homework-help/feed/ HTTP/1.1" 200 391 "-" "Mozilla/5.0 (compatible; DotBot/1.2; +https://opensiteexplorer.org/dotbot; help@moz.com)"
216.244.66.232 - - [16/Jul/2026:15:58:59 +0000] "GET /category/assignment-help-2/feed/ HTTP/1.1" 200 441 "-" "Mozilla/5.0 (compatible; DotBot/1.2; +https://opensiteexplorer.org/dotbot; help@moz.com)"
216.244.66.232 - - [16/Jul/2026:15:59:06 +0000] "GET /tag/but-they-may-also-consult-with-other-faculty-members-to-ensure-that-everything-has-been-properly-assessed-in-some-cases/feed/ HTTP/1.1" 200 506 "-" "Mozilla/5.0 (compatible; DotBot/1.2; +https://opensiteexplorer.org/dotbot; help@moz.com)"
216.244.66.232 - - [16/Jul/2026:15:59:11 +0000] "GET /tag/often-between-8-15-pages-or-more/feed/ HTTP/1.1" 200 456 "-" "Mozilla/5.0 (compatible; DotBot/1.2; +https://opensiteexplorer.org/dotbot; help@moz.com)"
216.244.66.232 - - [16/Jul/2026:15:59:16 +0000] "GET /?taxonomy=wp_theme&term=grademiners HTTP/1.1" 200 12216 "-" "Mozilla/5.0 (compatible; DotBot/1.2; +https://opensiteexplorer.org/dotbot; help@moz.com)"
192.250.239.59 - - [16/Jul/2026:16:11:44 +0000] "POST /wp-cron.php?doing_wp_cron=1784218304.8158059120178222656250 HTTP/1.1" 200 0 "-" "WordPress/6.9; https://customassignment.us"
144.76.32.238 - - [16/Jul/2026:16:11:44 +0000] "GET /sample-page/ HTTP/1.1" 200 7594 "-" "Mozilla/5.0 (compatible; SERankingBacklinksBot/1.0; +https://seranking.com/backlinks-crawler)"
144.76.32.238 - - [16/Jul/2026:16:13:59 +0000] "GET /2024/04/24/hello-world/ HTTP/1.1" 200 6845 "-" "Mozilla/5.0 (compatible; SERankingBacklinksBot/1.0; +https://seranking.com/backlinks-crawler)"
146.70.194.254 - - [16/Jul/2026:16:14:55 +0000] "GET / HTTP/1.1" 200 12221 "-" "Mozilla/5.0 (Windows NT 10.0; Win64; x64) AppleWebKit/537.36 (KHTML, like Gecko) Chrome/78.0.3904.108 Safari/537.36"
146.70.194.254 - - [16/Jul/2026:16:14:55 +0000] "GET //wp-includes/wlwmanifest.xml HTTP/1.1" 301 0 "-" "Mozilla/5.0 (Windows NT 10.0; Win64; x64) AppleWebKit/537.36 (KHTML, like Gecko) Chrome/78.0.3904.108 Safari/537.36"
146.70.194.254 - - [16/Jul/2026:16:14:56 +0000] "GET //xmlrpc.php?rsd HTTP/1.1" 403 1242 "-" "Mozilla/5.0 (Windows NT 10.0; Win64; x64) AppleWebKit/537.36 (KHTML, like Gecko) Chrome/78.0.3904.108 Safari/537.36"
146.70.194.254 - - [16/Jul/2026:16:14:56 +0000] "GET / HTTP/1.1" 200 12221 "-" "Mozilla/5.0 (Windows NT 10.0; Win64; x64) AppleWebKit/537.36 (KHTML, like Gecko) Chrome/78.0.3904.108 Safari/537.36"
146.70.194.254 - - [16/Jul/2026:16:14:56 +0000] "GET //?author=1 HTTP/1.1" 200 12277 "-" "Mozilla/5.0 (Windows NT 10.0; Win64; x64) AppleWebKit/537.36 (KHTML, like Gecko) Chrome/78.0.3904.108 Safari/537.36"
146.70.194.254 - - [16/Jul/2026:16:14:56 +0000] "GET //?author=2 HTTP/1.1" 301 0 "-" "Mozilla/5.0 (Windows NT 10.0; Win64; x64) AppleWebKit/537.36 (KHTML, like Gecko) Chrome/78.0.3904.108 Safari/537.36"
146.70.194.254 - - [16/Jul/2026:16:14:56 +0000] "GET //wp-json/wp/v2/users/ HTTP/1.1" 200 306 "-" "Mozilla/5.0 (Windows NT 10.0; Win64; x64) AppleWebKit/537.36 (KHTML, like Gecko) Chrome/78.0.3904.108 Safari/537.36"
146.70.194.254 - - [16/Jul/2026:16:14:56 +0000] "POST //xmlrpc.php HTTP/1.1" 403 1242 "-" "Mozilla/5.0 (Windows NT 10.0; Win64; x64) AppleWebKit/537.36 (KHTML, like Gecko) Chrome/78.0.3904.108 Safari/537.36"
144.76.32.238 - - [16/Jul/2026:16:16:15 +0000] "GET /category/uncategorized/ HTTP/1.1" 200 6915 "-" "Mozilla/5.0 (compatible; SERankingBacklinksBot/1.0; +https://seranking.com/backlinks-crawler)"
216.73.163.116 - - [16/Jul/2026:16:16:41 +0000] "POST /wp-login.php HTTP/1.1" 200 1907 "-" "Mozilla/5.0 (Linux; Android 10; SAMSUNG SM-G965N/KSU4FUE1) AppleWebKit/537.36 (KHTML, like Gecko) SamsungBrowser/15.0 Chrome/90.0.4430.210 Mobile Safari/537.36"
216.73.163.7 - - [16/Jul/2026:16:20:15 +0000] "POST /wp-login.php HTTP/1.1" 200 2157 "-" "Mozilla/5.0 (X11; U; Linux x86_64; pl-PL; rv:1.9.0.1) Gecko/2008071222 Firefox/3.0.1"
216.73.163.25 - - [16/Jul/2026:16:24:45 +0000] "POST /wp-login.php HTTP/1.1" 200 1909 "-" "Mozilla/5.0 (Linux; Android 9; RMX1971) AppleWebKit/537.36 (KHTML, like Gecko) Chrome/83.0.4103.96 Mobile Safari/537.36"
82.139.195.235 - - [16/Jul/2026:16:31:42 +0000] "GET / HTTP/1.1" 200 12216 "-" "Mozlila/5.0 (Linux; Android 7.0; SM-G892A Bulid/NRD90M; wv) AppleWebKit/537.36 (KHTML, like Gecko) Version/4.0 Chrome/60.0.3112.107 Moblie Safari/537.36"
82.139.195.235 - - [16/Jul/2026:16:31:42 +0000] "GET /wp-content/themes/seotheme/db.php?u HTTP/1.1" 404 5725 "www.google.com" "Mozlila/5.0 (Linux; Android 7.0; SM-G892A Bulid/NRD90M; wv) AppleWebKit/537.36 (KHTML, like Gecko) Version/4.0 Chrome/60.0.3112.107 Moblie Safari/537.36"
82.139.195.235 - - [16/Jul/2026:16:31:44 +0000] "GET /wp-content/plugins/fix/up.php HTTP/1.1" 404 5725 "-" "Mozilla/5.0 (Windows NT 10.0; Win64; x64) AppleWebKit/537.36 (KHTML, like Gecko) Chrome/85.0.4183.102 Safari/537.36"
82.139.195.235 - - [16/Jul/2026:16:31:44 +0000] "GET /wp-content/themes/seotheme/db.php?u HTTP/1.1" 404 5724 "www.google.com" "Mozlila/5.0 (Linux; Android 7.0; SM-G892A Bulid/NRD90M; wv) AppleWebKit/537.36 (KHTML, like Gecko) Version/4.0 Chrome/60.0.3112.107 Moblie Safari/537.36"
82.139.195.235 - - [16/Jul/2026:16:31:46 +0000] "GET /wp-content/plugins/apikey/apikey.php?test=hello HTTP/1.1" 404 5725 "-" "Mozlila/5.0 (Linux; Android 7.0; SM-G892A Bulid/NRD90M; wv) AppleWebKit/537.36 (KHTML, like Gecko) Version/4.0 Chrome/60.0.3112.107 Moblie Safari/537.36"
82.139.195.235 - - [16/Jul/2026:16:31:48 +0000] "GET /plugins/content/apismtp/apismtp.php?test=hello HTTP/1.1" 404 5725 "-" "Mozlila/5.0 (Linux; Android 7.0; SM-G892A Bulid/NRD90M; wv) AppleWebKit/537.36 (KHTML, like Gecko) Version/4.0 Chrome/60.0.3112.107 Moblie Safari/537.36"
82.139.195.235 - - [16/Jul/2026:16:31:48 +0000] "POST /ALFA_DATA/alfacgiapi/perl.alfa HTTP/1.1" 404 5725 "www.google.com" "Mozlila/5.0 (Linux; Android 7.0; SM-G892A Bulid/NRD90M; wv) AppleWebKit/537.36 (KHTML, like Gecko) Version/4.0 Chrome/60.0.3112.107 Moblie Safari/537.36"
82.139.195.235 - - [16/Jul/2026:16:31:48 +0000] "GET /wp-content/plugins/apikey/apikey.php.suspected?test=hello HTTP/1.1" 404 5725 "-" "Mozlila/5.0 (Linux; Android 7.0; SM-G892A Bulid/NRD90M; wv) AppleWebKit/537.36 (KHTML, like Gecko) Version/4.0 Chrome/60.0.3112.107 Moblie Safari/537.36"
82.139.195.235 - - [16/Jul/2026:16:31:48 +0000] "POST /alfacgiapi/perl.alfa HTTP/1.1" 404 5725 "www.google.com" "Mozlila/5.0 (Linux; Android 7.0; SM-G892A Bulid/NRD90M; wv) AppleWebKit/537.36 (KHTML, like Gecko) Version/4.0 Chrome/60.0.3112.107 Moblie Safari/537.36"
82.139.195.235 - - [16/Jul/2026:16:31:48 +0000] "GET /plugins/content/apismtp/apismtp.php.suspected?test=hello HTTP/1.1" 404 5725 "-" "Mozlila/5.0 (Linux; Android 7.0; SM-G892A Bulid/NRD90M; wv) AppleWebKit/537.36 (KHTML, like Gecko) Version/4.0 Chrome/60.0.3112.107 Moblie Safari/537.36"
114.119.141.194 - - [16/Jul/2026:16:36:13 +0000] "GET /category/uncategorized/ HTTP/1.1" 200 6915 "https://customassignment.us/wp-sitemap-taxonomies-category-1.xml" "Mozilla/5.0 (Linux; Android 7.0;) AppleWebKit/537.36 (HTML, like Gecko) Mobile Safari/537.36 (compatible; PetalBot;+https://webmaster.petalsearch.com/site/petalbot)"
136.244.106.102 - - [16/Jul/2026:16:39:57 +0000] "GET /wp-content/plugins/hqayznabrwuqzaca/kmqbqomqkmddnrstD.php?p= HTTP/1.1" 301 0 "-" "Mozilla/5.0 (X11; Linux x86_64) AppleWebKit/537.36 (KHTML, like Gecko) Chrome/143.0.0.0 Safari/537.36"
136.244.106.102 - - [16/Jul/2026:16:39:57 +0000] "GET /wp-content/plugins/hqayznabrwuqzaca/kmqbqomqkmddnrstD.php HTTP/1.1" 404 5725 "-" "Mozilla/5.0 (X11; Linux x86_64) AppleWebKit/537.36 (KHTML, like Gecko) Chrome/143.0.0.0 Safari/537.36"
216.73.163.150 - - [16/Jul/2026:16:52:30 +0000] "POST /wp-login.php HTTP/1.1" 200 1907 "-" "Dalvik/2.1.0 (Linux; U; Android 7.0; Platinum_A5 Build/NRD90M)"
192.250.239.59 - - [16/Jul/2026:17:12:00 +0000] "POST /wp-cron.php?doing_wp_cron=1784221920.0199859142303466796875 HTTP/1.1" 200 0 "-" "WordPress/6.9; https://customassignment.us"
216.73.163.35 - - [16/Jul/2026:17:11:59 +0000] "POST /wp-login.php HTTP/1.1" 200 1909 "-" "Mozilla/5.0 (Linux; arm_64; Android 7.0; CPN-L09) AppleWebKit/537.36 (KHTML, like Gecko) Chrome/81.0.4044.138 YaBrowser/20.4.3.90.00 SA/1 Mobile Safari/537.36"
45.148.10.120 - - [16/Jul/2026:17:07:02 +0000] "GET /.git/config HTTP/1.1" 403 1242 "-" "Mozilla/5.0 (Windows NT 6.1; Win64; x64) AppleWebKit/537.36 (KHTML, like Gecko) Chrome/76.0.3804.0 Safari/537.36"
45.148.10.120 - - [16/Jul/2026:17:07:06 +0000] "GET /.git/config HTTP/1.1" 403 1242 "-" "Mozilla/5.0 (Linux; U; Android 1.6; en-us; HTC_TATTOO_A3288 Build/DRC79) AppleWebKit/528.5 (KHTML, like Gecko) Version/3.1.2 Mobile Safari/525.20.1"
216.73.163.13 - - [16/Jul/2026:17:07:07 +0000] "POST /wp-login.php HTTP/1.1" 200 2157 "-" "Mozilla/5.0 (Linux; Android 10; K) AppleWebKit/537.36 (KHTML, like Gecko) Chrome/123.0.0.0 Mobile Safari/537.36 [ip:5.91.233.253]"
45.146.54.133 - - [16/Jul/2026:17:28:40 +0000] "POST /wp-login.php HTTP/1.1" 200 1907 "-" "chrome|Mozilla/5.0 (Macintosh; Intel Mac OS X 9_8_2) AppleWebKit/534.11 (KHTML, like Gecko) Chrome/48.0.2986.171 Safari/602"
209.97.160.217 - - [16/Jul/2026:17:30:29 +0000] "GET /administrator/index.php HTTP/1.1" 301 0 "-" "Mozilla/5.0 (Windows NT 10.0; Win64; x64) AppleWebKit/537.36 (KHTML, like Gecko) Chrome/91.0.4472.124 Safari/537.36"
209.97.160.217 - - [16/Jul/2026:17:30:29 +0000] "GET /administrator/ HTTP/1.1" 404 5725 "-" "Mozilla/5.0 (Windows NT 10.0; Win64; x64) AppleWebKit/537.36 (KHTML, like Gecko) Chrome/91.0.4472.124 Safari/537.36"
146.70.194.254 - - [16/Jul/2026:17:32:59 +0000] "GET / HTTP/1.1" 200 12216 "-" "Mozilla/5.0 (Windows NT 10.0; Win64; x64) AppleWebKit/537.36 (KHTML, like Gecko) Chrome/78.0.3904.108 Safari/537.36"
146.70.194.254 - - [16/Jul/2026:17:33:00 +0000] "GET //wp-includes/wlwmanifest.xml HTTP/1.1" 301 0 "-" "Mozilla/5.0 (Windows NT 10.0; Win64; x64) AppleWebKit/537.36 (KHTML, like Gecko) Chrome/78.0.3904.108 Safari/537.36"
146.70.194.254 - - [16/Jul/2026:17:33:00 +0000] "GET //xmlrpc.php?rsd HTTP/1.1" 403 1242 "-" "Mozilla/5.0 (Windows NT 10.0; Win64; x64) AppleWebKit/537.36 (KHTML, like Gecko) Chrome/78.0.3904.108 Safari/537.36"
146.70.194.254 - - [16/Jul/2026:17:33:00 +0000] "GET / HTTP/1.1" 200 12216 "-" "Mozilla/5.0 (Windows NT 10.0; Win64; x64) AppleWebKit/537.36 (KHTML, like Gecko) Chrome/78.0.3904.108 Safari/537.36"
146.70.194.254 - - [16/Jul/2026:17:33:00 +0000] "GET //?author=1 HTTP/1.1" 301 0 "-" "Mozilla/5.0 (Windows NT 10.0; Win64; x64) AppleWebKit/537.36 (KHTML, like Gecko) Chrome/78.0.3904.108 Safari/537.36"
146.70.194.254 - - [16/Jul/2026:17:33:00 +0000] "GET //?author=2 HTTP/1.1" 301 0 "-" "Mozilla/5.0 (Windows NT 10.0; Win64; x64) AppleWebKit/537.36 (KHTML, like Gecko) Chrome/78.0.3904.108 Safari/537.36"
146.70.194.254 - - [16/Jul/2026:17:33:00 +0000] "GET //wp-json/wp/v2/users/ HTTP/1.1" 200 306 "-" "Mozilla/5.0 (Windows NT 10.0; Win64; x64) AppleWebKit/537.36 (KHTML, like Gecko) Chrome/78.0.3904.108 Safari/537.36"
146.70.194.254 - - [16/Jul/2026:17:33:00 +0000] "POST //xmlrpc.php HTTP/1.1" 403 1242 "-" "Mozilla/5.0 (Windows NT 10.0; Win64; x64) AppleWebKit/537.36 (KHTML, like Gecko) Chrome/78.0.3904.108 Safari/537.36"
216.73.216.82 - - [16/Jul/2026:17:38:08 +0000] "GET /wp-sitemap.xml HTTP/1.1" 200 193 "-" "Mozilla/5.0 AppleWebKit/537.36 (KHTML, like Gecko; compatible; ClaudeBot/1.0; +claudebot@anthropic.com)"
2a03:2880:f800:f:: - - [16/Jul/2026:17:46:45 +0000] "GET /2024/04/24/hello-world/ HTTP/1.1" 200 6845 "-" "Mozilla/5.0 (Windows NT 10.0; Win64; x64) AppleWebKit/537.36 (KHTML, like Gecko) Chrome/145.0.0.0 Safari/537.36 (compatible; meta-externalagent/1.1 (+https://developers.facebook.com/docs/sharing/webmasters/crawler))"
2a03:2880:f800:30:: - - [16/Jul/2026:17:53:15 +0000] "GET /wp-sitemap.xml HTTP/1.1" 200 193 "-" "Mozilla/5.0 (Windows NT 10.0; Win64; x64) AppleWebKit/537.36 (KHTML, like Gecko) Chrome/145.0.0.0 Safari/537.36 (compatible; meta-externalagent/1.1 (+https://developers.facebook.com/docs/sharing/webmasters/crawler))"
45.148.10.120 - - [16/Jul/2026:17:53:40 +0000] "GET /.git/config HTTP/1.1" 403 1242 "-" "Wget/1.12 (freebsd8.1)"
45.148.10.120 - - [16/Jul/2026:17:53:40 +0000] "GET /.git/config HTTP/1.1" 403 1242 "-" "iTunes/9.0.2 (Windows; N)"
45.146.54.104 - - [16/Jul/2026:17:58:17 +0000] "POST /wp-login.php HTTP/1.1" 200 1909 "-" "Mozilla/5.0 (Linux; arm_64; Android 10; POT-LX1) AppleWebKit/537.36 (KHTML, like Gecko) Chrome/81.0.4044.138 YaBrowser/20.4.4.76.00 SA/1 Mobile Safari/537.36"
216.73.163.141 - - [16/Jul/2026:18:04:19 +0000] "POST /wp-login.php HTTP/1.1" 200 1907 "-" "Mozilla/5.0 (Windows; U; Windows NT 6.0; en-US) AppleWebKit/525.19 (KHTML, like Gecko) Chrome/0.2.153.0 Safari/525.19"
45.148.10.120 - - [16/Jul/2026:18:22:15 +0000] "GET /.git/config HTTP/1.1" 403 1242 "-" "Mozilla/5.0 (Linux; Android 8.0.0; SM-G930F) AppleWebKit/537.36 (KHTML, like Gecko) Chrome/76.0.3809.111 Mobile Safari/537.36"
192.250.239.59 - - [16/Jul/2026:18:31:12 +0000] "POST /wp-cron.php?doing_wp_cron=1784226672.2993490695953369140625 HTTP/1.1" 200 0 "-" "WordPress/6.9; https://customassignment.us"
152.228.213.32 - - [16/Jul/2026:18:31:11 +0000] "GET /wp-login.php HTTP/1.1" 200 1794 "-" "Mozilla/5.0 (X11; Linux x86_64) AppleWebKit/537.36 (KHTML, like Gecko) Chrome/141.0.0.0 Safari/537.36"
152.228.213.32 - - [16/Jul/2026:18:31:12 +0000] "POST /wp-login.php HTTP/1.1" 200 1899 "https://customassignment.us/wp-login.php" "Mozilla/5.0 (X11; Linux x86_64) AppleWebKit/537.36 (KHTML, like Gecko) Chrome/141.0.0.0 Safari/537.36"
